Last updated on 2025-05-10 19:51:06 CEST.
Flavor | Version | Tinstall | Tcheck | Ttotal | Status | Flags |
---|---|---|---|---|---|---|
r-devel-linux-x86_64-debian-clang | 1.0.17-18 | 11.73 | 74.00 | 85.73 | NOTE | |
r-devel-linux-x86_64-debian-gcc | 1.0.17-18 | 9.42 | 53.98 | 63.40 | NOTE | |
r-devel-linux-x86_64-fedora-clang | 1.0.17-18 | 131.91 | NOTE | |||
r-devel-linux-x86_64-fedora-gcc | 1.0.17-18 | 145.88 | NOTE | |||
r-devel-windows-x86_64 | 1.0.17-18 | 33.00 | 225.00 | 258.00 | NOTE | |
r-patched-linux-x86_64 | 1.0.17-18 | 15.62 | 68.74 | 84.36 | NOTE | |
r-release-linux-x86_64 | 1.0.17-18 | 12.69 | 69.06 | 81.75 | NOTE | |
r-release-macos-arm64 | 1.0.17-18 | 71.00 | NOTE | |||
r-release-macos-x86_64 | 1.0.17-18 | 109.00 | NOTE | |||
r-release-windows-x86_64 | 1.0.17-18 | 33.00 | 230.00 | 263.00 | NOTE | |
r-oldrel-macos-arm64 | 1.0.17-18 | 46.00 | OK | |||
r-oldrel-macos-x86_64 | 1.0.17-18 | 75.00 | OK | |||
r-oldrel-windows-x86_64 | 1.0.17-18 | 38.00 | 268.00 | 306.00 | NOTE |
Version: 1.0.17-18
Check: compiled code
Result: NOTE
File ‘redland/libs/redland.so’:
Found non-API call to R: ‘SET_S4_OBJECT’
Compiled code should not call non-API entry points in R.
See ‘Writing portable packages’ in the ‘Writing R Extensions’ manual,
and section ‘Moving into C API compliance’ for issues with the use of
non-API entry points.
Flavors: r-devel-linux-x86_64-debian-clang, r-devel-linux-x86_64-debian-gcc, r-devel-linux-x86_64-fedora-clang, r-devel-linux-x86_64-fedora-gcc, r-patched-linux-x86_64, r-release-linux-x86_64, r-release-macos-arm64, r-release-macos-x86_64
Version: 1.0.17-18
Check: compiled code
Result: NOTE
File 'redland/libs/x64/redland.dll':
Found non-API call to R: 'SET_S4_OBJECT'
Compiled code should not call non-API entry points in R.
See 'Writing portable packages' in the 'Writing R Extensions' manual,
and section 'Moving into C API compliance' for issues with the use of
non-API entry points.
Flavors: r-devel-windows-x86_64, r-release-windows-x86_64
Version: 1.0.17-18
Check: installed package size
Result: NOTE
installed size is 13.3Mb
sub-directories of 1Mb or more:
libs 12.3Mb
Flavor: r-oldrel-windows-x86_64