CRAN Package Check Results for Package randomizeBE

Last updated on 2025-05-09 11:50:33 CEST.

Flavor Version Tinstall Tcheck Ttotal Status Flags
r-devel-linux-x86_64-debian-clang 0.3-6 2.01 18.57 20.58 NOTE
r-devel-linux-x86_64-debian-gcc 0.3-6 1.74 15.29 17.03 NOTE
r-devel-linux-x86_64-fedora-clang 0.3-6 34.93 OK
r-devel-linux-x86_64-fedora-gcc 0.3-6 32.42 OK
r-devel-windows-x86_64 0.3-6 3.00 40.00 43.00 OK
r-patched-linux-x86_64 0.3-6 2.16 17.93 20.09 OK
r-release-linux-x86_64 0.3-6 1.88 18.00 19.88 OK
r-release-macos-arm64 0.3-6 14.00 OK
r-release-macos-x86_64 0.3-6 23.00 OK
r-release-windows-x86_64 0.3-6 4.00 43.00 47.00 OK
r-oldrel-macos-arm64 0.3-6 15.00 OK
r-oldrel-macos-x86_64 0.3-6 20.00 OK
r-oldrel-windows-x86_64 0.3-6 3.00 44.00 47.00 OK

Check Details

Version: 0.3-6
Check: CRAN incoming feasibility
Result: NOTE Maintainer: ‘D. Labes <detlewlabes@gmx.de>’ No Authors@R field in DESCRIPTION. Please add one, modifying Authors@R: person(given = "D.", family = "Labes", role = c("aut", "cre"), email = "detlewlabes@gmx.de") as necessary. Flavors: r-devel-linux-x86_64-debian-clang, r-devel-linux-x86_64-debian-gcc