CRAN Package Check Results for Package rBayesianOptimization

Last updated on 2025-05-07 20:49:54 CEST.

Flavor Version Tinstall Tcheck Ttotal Status Flags
r-devel-linux-x86_64-debian-clang 1.2.1 2.54 25.00 27.54 NOTE
r-devel-linux-x86_64-debian-gcc 1.2.1 1.77 18.96 20.73 NOTE
r-devel-linux-x86_64-fedora-clang 1.2.1 42.68 OK
r-devel-linux-x86_64-fedora-gcc 1.2.1 37.68 OK
r-devel-windows-x86_64 1.2.1 4.00 44.00 48.00 NOTE
r-patched-linux-x86_64 1.2.1 2.54 22.07 24.61 NOTE
r-release-linux-x86_64 1.2.1 2.17 22.16 24.33 NOTE
r-release-macos-arm64 1.2.1 19.00 OK
r-release-macos-x86_64 1.2.1 25.00 OK
r-release-windows-x86_64 1.2.1 5.00 45.00 50.00 NOTE
r-oldrel-macos-arm64 1.2.1 17.00 OK
r-oldrel-macos-x86_64 1.2.1 25.00 OK
r-oldrel-windows-x86_64 1.2.1 4.00 49.00 53.00 OK

Check Details

Version: 1.2.1
Check: Rd cross-references
Result: NOTE Found the following Rd file(s) with Rd \link{} targets missing package anchors: BayesianOptimization.Rd: GP_fit Please provide package anchors for all Rd \link{} targets not in the package itself and the base packages. Flavors: r-devel-linux-x86_64-debian-clang, r-devel-linux-x86_64-debian-gcc, r-devel-windows-x86_64, r-patched-linux-x86_64, r-release-linux-x86_64, r-release-windows-x86_64