Last updated on 2025-05-10 16:52:38 CEST.
Flavor | Version | Tinstall | Tcheck | Ttotal | Status | Flags |
---|---|---|---|---|---|---|
r-devel-linux-x86_64-debian-clang | 0.1.0 | 2.54 | 32.57 | 35.11 | NOTE | |
r-devel-linux-x86_64-debian-gcc | 0.1.0 | 1.86 | 26.18 | 28.04 | NOTE | |
r-devel-linux-x86_64-fedora-clang | 0.1.0 | 54.88 | OK | |||
r-devel-linux-x86_64-fedora-gcc | 0.1.0 | 65.74 | OK | |||
r-devel-windows-x86_64 | 0.1.0 | 4.00 | 56.00 | 60.00 | OK | |
r-patched-linux-x86_64 | 0.1.0 | 2.82 | 30.66 | 33.48 | OK | |
r-release-linux-x86_64 | 0.1.0 | 1.94 | 30.21 | 32.15 | OK | |
r-release-macos-arm64 | 0.1.0 | 36.00 | OK | |||
r-release-macos-x86_64 | 0.1.0 | 52.00 | OK | |||
r-release-windows-x86_64 | 0.1.0 | 4.00 | 56.00 | 60.00 | OK | |
r-oldrel-macos-arm64 | 0.1.0 | 28.00 | OK | |||
r-oldrel-macos-x86_64 | 0.1.0 | 40.00 | OK | |||
r-oldrel-windows-x86_64 | 0.1.0 | 5.00 | 67.00 | 72.00 | OK |
Version: 0.1.0
Check: CRAN incoming feasibility
Result: NOTE
Maintainer: ‘Vitor Marques <vmrodriguespro@gmail.com>’
The Description field contains
<arXiv:quant-ph/9706062v2>; C. Godsil (2011) <arXiv:1103.2578v3>.
Please refer to arXiv e-prints via their arXiv DOI <doi:10.48550/arXiv.YYMM.NNNNN>.
Flavors: r-devel-linux-x86_64-debian-clang, r-devel-linux-x86_64-debian-gcc