Last updated on 2025-05-10 23:50:09 CEST.
Flavor | Version | Tinstall | Tcheck | Ttotal | Status | Flags |
---|---|---|---|---|---|---|
r-devel-linux-x86_64-debian-clang | 0.4.27 | 14.98 | 81.76 | 96.74 | NOTE | |
r-devel-linux-x86_64-debian-gcc | 0.4.27 | 10.63 | 53.86 | 64.49 | NOTE | |
r-devel-linux-x86_64-fedora-clang | 0.4.27 | 161.28 | OK | |||
r-devel-linux-x86_64-fedora-gcc | 0.4.27 | 153.46 | OK | |||
r-devel-windows-x86_64 | 0.4.27 | 17.00 | 100.00 | 117.00 | OK | |
r-patched-linux-x86_64 | 0.4.27 | 17.20 | 75.33 | 92.53 | NOTE | |
r-release-linux-x86_64 | 0.4.27 | 12.06 | 76.65 | 88.71 | NOTE | |
r-release-macos-arm64 | 0.4.27 | 43.00 | OK | |||
r-release-macos-x86_64 | 0.4.27 | 90.00 | OK | |||
r-release-windows-x86_64 | 0.4.27 | 17.00 | 101.00 | 118.00 | OK | |
r-oldrel-macos-arm64 | 0.4.27 | 44.00 | OK | |||
r-oldrel-macos-x86_64 | 0.4.27 | 129.00 | OK | |||
r-oldrel-windows-x86_64 | 0.4.27 | 23.00 | 117.00 | 140.00 | OK |
Version: 0.4.27
Check: R code for possible problems
Result: NOTE
Found the following calls to attach():
File ‘quantmod/R/attachSymbols.R’:
attach(NULL, pos = pos, name = DB$name)
attach(NULL, pos = pos, name = DB$name)
See section ‘Good practice’ in ‘?attach’.
Flavors: r-devel-linux-x86_64-debian-clang, r-devel-linux-x86_64-debian-gcc, r-patched-linux-x86_64, r-release-linux-x86_64