Last updated on 2025-05-10 18:51:05 CEST.
Flavor | Version | Tinstall | Tcheck | Ttotal | Status | Flags |
---|---|---|---|---|---|---|
r-devel-linux-x86_64-debian-clang | 0.2.0 | 2.49 | 23.92 | 26.41 | NOTE | |
r-devel-linux-x86_64-debian-gcc | 0.2.0 | 1.99 | 19.24 | 21.23 | NOTE | |
r-devel-linux-x86_64-fedora-clang | 0.2.0 | 42.67 | OK | |||
r-devel-linux-x86_64-fedora-gcc | 0.2.0 | 40.45 | OK | |||
r-devel-windows-x86_64 | 0.2.0 | 5.00 | 45.00 | 50.00 | OK | |
r-patched-linux-x86_64 | 0.2.0 | 2.08 | 23.21 | 25.29 | OK | |
r-release-linux-x86_64 | 0.2.0 | 2.67 | 23.43 | 26.10 | OK | |
r-release-macos-arm64 | 0.2.0 | 18.00 | OK | |||
r-release-macos-x86_64 | 0.2.0 | 27.00 | OK | |||
r-release-windows-x86_64 | 0.2.0 | 5.00 | 47.00 | 52.00 | OK | |
r-oldrel-macos-arm64 | 0.2.0 | 17.00 | OK | |||
r-oldrel-macos-x86_64 | 0.2.0 | 24.00 | OK | |||
r-oldrel-windows-x86_64 | 0.2.0 | 6.00 | 51.00 | 57.00 | OK |
Version: 0.2.0
Check: CRAN incoming feasibility
Result: NOTE
Maintainer: ‘Joachim Zuckarelli <joachim@zuckarelli.de>’
No Authors@R field in DESCRIPTION.
Please add one, modifying
Authors@R: person(given = "Joachim",
family = "Zuckarelli",
role = c("aut", "cre"),
email = "joachim@zuckarelli.de")
as necessary.
Package CITATION file contains call(s) to old-style citEntry(). Please
use bibentry() instead.
Flavors: r-devel-linux-x86_64-debian-clang, r-devel-linux-x86_64-debian-gcc