Last updated on 2025-05-10 17:50:42 CEST.
Flavor | Version | Tinstall | Tcheck | Ttotal | Status | Flags |
---|---|---|---|---|---|---|
r-devel-linux-x86_64-debian-clang | 0.16 | 4.55 | 39.46 | 44.01 | NOTE | |
r-devel-linux-x86_64-debian-gcc | 0.16 | 3.14 | 29.67 | 32.81 | NOTE | |
r-devel-linux-x86_64-fedora-clang | 0.16 | 67.12 | OK | |||
r-devel-linux-x86_64-fedora-gcc | 0.18 | 65.47 | OK | |||
r-devel-windows-x86_64 | 0.16 | 15.00 | 62.00 | 77.00 | OK | |
r-patched-linux-x86_64 | 0.16 | 4.64 | 36.05 | 40.69 | OK | |
r-release-linux-x86_64 | 0.16 | 4.15 | 35.80 | 39.95 | OK | |
r-release-macos-arm64 | 0.18 | 26.00 | OK | |||
r-release-macos-x86_64 | 0.18 | 35.00 | OK | |||
r-release-windows-x86_64 | 0.16 | 15.00 | 62.00 | 77.00 | OK | |
r-oldrel-macos-arm64 | 0.18 | 27.00 | OK | |||
r-oldrel-macos-x86_64 | 0.18 | 48.00 | OK | |||
r-oldrel-windows-x86_64 | 0.16 | 17.00 | 71.00 | 88.00 | OK |
Version: 0.16
Check: CRAN incoming feasibility
Result: NOTE
Maintainer: ‘Karl W Broman <broman@wisc.edu>’
Package CITATION file contains call(s) to old-style personList() or
as.personList(). Please use c() on person objects instead.
Package CITATION file contains call(s) to old-style citEntry(). Please
use bibentry() instead.
Flavors: r-devel-linux-x86_64-debian-clang, r-devel-linux-x86_64-debian-gcc