Last updated on 2025-10-31 18:51:14 CET.
| Flavor | Version | Tinstall | Tcheck | Ttotal | Status | Flags | 
|---|---|---|---|---|---|---|
| r-devel-linux-x86_64-debian-clang | 1.8.4 | 4.44 | 55.81 | 60.25 | NOTE | |
| r-devel-linux-x86_64-debian-gcc | 1.8.4 | 3.22 | 39.89 | 43.11 | NOTE | |
| r-devel-linux-x86_64-fedora-clang | 1.8.4 | 10.00 | 79.17 | 89.17 | NOTE | |
| r-devel-linux-x86_64-fedora-gcc | 1.8.4 | 11.00 | 76.39 | 87.39 | NOTE | |
| r-devel-windows-x86_64 | 1.8.4 | 7.00 | 78.00 | 85.00 | NOTE | |
| r-patched-linux-x86_64 | 1.8.4 | 4.57 | 53.10 | 57.67 | NOTE | |
| r-release-linux-x86_64 | 1.8.4 | 4.97 | 52.45 | 57.42 | NOTE | |
| r-release-macos-arm64 | 1.8.4 | 2.00 | 30.00 | 32.00 | NOTE | |
| r-release-macos-x86_64 | 1.8.4 | 4.00 | 48.00 | 52.00 | NOTE | |
| r-release-windows-x86_64 | 1.8.4 | 7.00 | 80.00 | 87.00 | NOTE | |
| r-oldrel-macos-arm64 | 1.8.4 | 2.00 | 28.00 | 30.00 | NOTE | |
| r-oldrel-macos-x86_64 | 1.8.4 | 3.00 | 39.00 | 42.00 | NOTE | |
| r-oldrel-windows-x86_64 | 1.8.4 | 8.00 | 97.00 | 105.00 | NOTE | 
Version: 1.8.4
Check: Rd files
Result: NOTE
  checkRd: (-1) qmethod-package.Rd:109: Lost braces
     109 |   \item Van Exel, J., and G. de Graaf, 2005. \emph{Q Methodology: A Sneak Preview}\cr \url{https://qmethodblog.files.wordpress.com/2016/01/qmethodologyasneakpreviewreferenceupdate.pdf}{Available at this link}.
         |                                                                                                                                                                                         ^
  checkRd: (-1) qmethod-package.Rd:110: Lost braces
     110 |   \item Brown, S. R., 1980. \emph{Political subjectivity: Applications of Q methodology in political science}, New Haven, CT: Yale University Press.\cr \url{https://qmethodblog.files.wordpress.com/2016/01/brown-1980-politicalsubjectivity.pdf}{Available at this link}.
         |                                                                                                                                                                                                                                                   ^
Flavors: r-devel-linux-x86_64-debian-clang, r-devel-linux-x86_64-debian-gcc, r-devel-linux-x86_64-fedora-clang, r-devel-linux-x86_64-fedora-gcc, r-devel-windows-x86_64, r-patched-linux-x86_64, r-release-linux-x86_64, r-release-macos-arm64, r-release-macos-x86_64, r-release-windows-x86_64, r-oldrel-macos-arm64, r-oldrel-macos-x86_64, r-oldrel-windows-x86_64