CRAN Package Check Results for Package qlcMatrix

Last updated on 2025-07-08 15:49:46 CEST.

Flavor Version Tinstall Tcheck Ttotal Status Flags
r-devel-linux-x86_64-debian-clang 0.9.8 7.68 127.06 134.74 NOTE
r-devel-linux-x86_64-debian-gcc 0.9.8 5.59 97.05 102.64 NOTE
r-devel-linux-x86_64-fedora-clang 0.9.8 207.49 OK
r-devel-linux-x86_64-fedora-gcc 0.9.8 219.12 OK
r-devel-windows-x86_64 0.9.8 9.00 152.00 161.00 NOTE
r-patched-linux-x86_64 0.9.8 8.33 125.58 133.91 NOTE
r-release-linux-x86_64 0.9.8 7.05 123.32 130.37 NOTE
r-release-macos-arm64 0.9.8 87.00 OK
r-release-macos-x86_64 0.9.8 152.00 OK
r-release-windows-x86_64 0.9.8 10.00 155.00 165.00 NOTE
r-oldrel-macos-arm64 0.9.8 79.00 OK
r-oldrel-macos-x86_64 0.9.8 115.00 OK
r-oldrel-windows-x86_64 0.9.8 11.00 196.00 207.00 OK

Check Details

Version: 0.9.8
Check: Rd cross-references
Result: NOTE Found the following Rd file(s) with Rd \link{} targets missing package anchors: array.Rd: simple_sparse_array rKhatriRao.Rd: KhatriRao Please provide package anchors for all Rd \link{} targets not in the package itself and the base packages. Flavors: r-devel-linux-x86_64-debian-clang, r-devel-linux-x86_64-debian-gcc, r-devel-windows-x86_64, r-patched-linux-x86_64, r-release-linux-x86_64, r-release-windows-x86_64