Last updated on 2025-05-10 08:50:47 CEST.
Flavor | Version | Tinstall | Tcheck | Ttotal | Status | Flags |
---|---|---|---|---|---|---|
r-devel-linux-x86_64-debian-clang | 0.1.0 | 4.37 | 33.17 | 37.54 | OK | |
r-devel-linux-x86_64-debian-gcc | 0.1.0 | 3.02 | 24.60 | 27.62 | OK | |
r-devel-linux-x86_64-fedora-clang | 0.1.0 | 59.87 | OK | |||
r-devel-linux-x86_64-fedora-gcc | 0.1.0 | 55.91 | OK | |||
r-devel-windows-x86_64 | 0.1.0 | 6.00 | 51.00 | 57.00 | OK | |
r-patched-linux-x86_64 | 0.1.0 | 3.63 | 31.81 | 35.44 | OK | |
r-release-linux-x86_64 | 0.1.0 | 3.54 | 31.35 | 34.89 | OK | |
r-release-macos-arm64 | 0.1.0 | 21.00 | OK | |||
r-release-macos-x86_64 | 0.1.0 | 34.00 | OK | |||
r-release-windows-x86_64 | 0.1.0 | 6.00 | 51.00 | 57.00 | OK | |
r-oldrel-macos-arm64 | 0.1.0 | 21.00 | NOTE | |||
r-oldrel-macos-x86_64 | 0.1.0 | 30.00 | NOTE | |||
r-oldrel-windows-x86_64 | 0.1.0 | 6.00 | 60.00 | 66.00 | NOTE |
Version: 0.1.0
Check: LazyData
Result: NOTE
'LazyData' is specified without a 'data' directory
Flavors: r-oldrel-macos-arm64, r-oldrel-macos-x86_64, r-oldrel-windows-x86_64