Last updated on 2025-11-23 03:48:54 CET.
| Flavor | Version | Tinstall | Tcheck | Ttotal | Status | Flags |
|---|---|---|---|---|---|---|
| r-devel-linux-x86_64-debian-clang | 2.0.0 | 3.64 | 143.48 | 147.12 | OK | |
| r-devel-linux-x86_64-debian-gcc | 2.0.0 | 2.77 | 91.96 | 94.73 | OK | |
| r-devel-linux-x86_64-fedora-clang | 2.0.0 | 25.00 | 226.16 | 251.16 | OK | |
| r-devel-linux-x86_64-fedora-gcc | 2.0.0 | 28.00 | 233.18 | 261.18 | OK | |
| r-devel-windows-x86_64 | 2.0.0 | 7.00 | 139.00 | 146.00 | OK | |
| r-patched-linux-x86_64 | 2.0.0 | 3.63 | 134.22 | 137.85 | OK | |
| r-release-linux-x86_64 | 2.0.0 | 2.70 | 86.88 | 89.58 | ERROR | |
| r-release-macos-arm64 | 2.0.0 | OK | ||||
| r-release-macos-x86_64 | 2.0.0 | 4.00 | 164.00 | 168.00 | OK | |
| r-release-windows-x86_64 | 2.0.0 | 6.00 | 141.00 | 147.00 | OK | |
| r-oldrel-macos-arm64 | 2.0.0 | OK | ||||
| r-oldrel-macos-x86_64 | 2.0.0 | 4.00 | 96.00 | 100.00 | OK | |
| r-oldrel-windows-x86_64 | 2.0.0 | 8.00 | 190.00 | 198.00 | OK |
Version: 2.0.0
Check: re-building of vignette outputs
Result: ERROR
Error(s) in re-building vignettes:
...
--- re-building ‘spat-feateng.Rmd’ using rmarkdown
Quitting from spat-feateng.Rmd:98-110 [unnamed-chunk-8]
~~~~~~~~~~~~~~~~~~~~~~~~~~~~~~~~~~~~~~~~~~~~~~~~~~~~~~~~~~~~~~~~~~~~~~~~~~~~~~~~
<error/rlang_error>
Error in `.rowNamesDF<-`:
! invalid 'row.names' length
---
Backtrace:
▆
1. └─ptools::vor_sp(nyc_buff, liq_samp)
2. ├─base::`row.names<-`(`*tmp*`, value = pid)
3. └─base::`row.names<-.data.frame`(`*tmp*`, value = pid)
4. └─base::`.rowNamesDF<-`(x, value = value)
~~~~~~~~~~~~~~~~~~~~~~~~~~~~~~~~~~~~~~~~~~~~~~~~~~~~~~~~~~~~~~~~~~~~~~~~~~~~~~~~
Error: processing vignette 'spat-feateng.Rmd' failed with diagnostics:
invalid 'row.names' length
--- failed re-building ‘spat-feateng.Rmd’
SUMMARY: processing the following file failed:
‘spat-feateng.Rmd’
Error: Vignette re-building failed.
Execution halted
Flavor: r-release-linux-x86_64