Last updated on 2025-10-22 18:50:19 CEST.
Flavor | Version | Tinstall | Tcheck | Ttotal | Status | Flags |
---|---|---|---|---|---|---|
r-devel-linux-x86_64-debian-clang | 0.1.1 | 15.06 | 135.13 | 150.19 | NOTE | |
r-devel-linux-x86_64-debian-gcc | 0.1.1 | 11.22 | 95.91 | 107.13 | NOTE | |
r-devel-linux-x86_64-fedora-clang | 0.1.1 | 33.00 | 193.31 | 226.31 | OK | |
r-devel-linux-x86_64-fedora-gcc | 0.1.1 | 30.00 | 212.66 | 242.66 | OK | |
r-devel-windows-x86_64 | 0.1.1 | 15.00 | 126.00 | 141.00 | OK | |
r-patched-linux-x86_64 | 0.1.1 | 13.80 | 123.06 | 136.86 | OK | |
r-release-linux-x86_64 | 0.1.1 | 14.33 | 125.04 | 139.37 | OK | |
r-release-macos-arm64 | 0.1.1 | 7.00 | 80.00 | 87.00 | OK | |
r-release-macos-x86_64 | 0.1.1 | 14.00 | 143.00 | 157.00 | OK | |
r-release-windows-x86_64 | 0.1.1 | 17.00 | 126.00 | 143.00 | OK | |
r-oldrel-macos-arm64 | 0.1.1 | 9.00 | 137.00 | 146.00 | OK | |
r-oldrel-macos-x86_64 | 0.1.1 | 14.00 | 132.00 | 146.00 | OK | |
r-oldrel-windows-x86_64 | 0.1.1 | 22.00 | 160.00 | 182.00 | OK |
Version: 0.1.1
Check: HTML version of manual
Result: NOTE
Found the following HTML validation problems:
get_vocabulary.html:46:1 (get_vocabulary.Rd:10): Warning: missing </ul> before </div>
reexports.html:100:1 (reexports.Rd:39): Warning: missing </ul> before </div>
Flavors: r-devel-linux-x86_64-debian-clang, r-devel-linux-x86_64-debian-gcc