Last updated on 2025-05-09 14:51:57 CEST.
Flavor | Version | Tinstall | Tcheck | Ttotal | Status | Flags |
---|---|---|---|---|---|---|
r-devel-linux-x86_64-debian-clang | 0.1 | 6.60 | 58.72 | 65.32 | NOTE | |
r-devel-linux-x86_64-debian-gcc | 0.1 | 5.29 | 41.38 | 46.67 | NOTE | |
r-devel-linux-x86_64-fedora-clang | 0.1 | 90.24 | OK | |||
r-devel-linux-x86_64-fedora-gcc | 0.1 | 107.37 | OK | |||
r-devel-windows-x86_64 | 0.1 | 8.00 | 71.00 | 79.00 | OK | |
r-patched-linux-x86_64 | 0.1 | 5.49 | 52.46 | 57.95 | OK | |
r-release-linux-x86_64 | 0.1 | 6.74 | 52.35 | 59.09 | OK | |
r-release-macos-arm64 | 0.1 | 36.00 | OK | |||
r-release-macos-x86_64 | 0.1 | 64.00 | OK | |||
r-release-windows-x86_64 | 0.1 | 10.00 | 71.00 | 81.00 | OK | |
r-oldrel-macos-arm64 | 0.1 | 37.00 | OK | |||
r-oldrel-macos-x86_64 | 0.1 | 53.00 | OK | |||
r-oldrel-windows-x86_64 | 0.1 | 11.00 | 87.00 | 98.00 | OK |
Version: 0.1
Check: CRAN incoming feasibility
Result: NOTE
Maintainer: ‘Marcel Miché <marcel.miche.predictme@gmail.com>’
No Authors@R field in DESCRIPTION.
Please add one, modifying
Authors@R: person(given = "Marcel",
family = "Miché",
role = c("aut", "cre"),
email = "marcel.miche.predictme@gmail.com")
as necessary.
Flavors: r-devel-linux-x86_64-debian-clang, r-devel-linux-x86_64-debian-gcc