Last updated on 2025-05-09 16:53:04 CEST.
Flavor | Version | Tinstall | Tcheck | Ttotal | Status | Flags |
---|---|---|---|---|---|---|
r-devel-linux-x86_64-debian-clang | 1.1.6 | 486.25 | 937.23 | 1423.48 | OK | |
r-devel-linux-x86_64-debian-gcc | 1.1.6 | 303.19 | 522.35 | 825.54 | OK | |
r-devel-linux-x86_64-fedora-clang | 1.1.6 | 2854.14 | OK | |||
r-devel-linux-x86_64-fedora-gcc | 1.1.6 | 2515.02 | OK | |||
r-devel-windows-x86_64 | 1.1.6 | 508.00 | 595.00 | 1103.00 | OK | |
r-patched-linux-x86_64 | 1.1.6 | 547.32 | 879.57 | 1426.89 | OK | |
r-release-linux-x86_64 | 1.1.6 | 469.27 | 881.80 | 1351.07 | OK | |
r-release-macos-arm64 | 1.1.6 | 483.00 | OK | |||
r-release-macos-x86_64 | 1.1.6 | 1101.00 | OK | |||
r-release-windows-x86_64 | 1.1.6 | 472.00 | 595.00 | 1067.00 | OK | |
r-oldrel-macos-arm64 | 1.1.6 | 350.00 | NOTE | |||
r-oldrel-macos-x86_64 | 1.1.6 | 684.00 | NOTE | |||
r-oldrel-windows-x86_64 | 1.1.6 | 659.00 | 843.00 | 1502.00 | NOTE |
Version: 1.1.6
Check: installed package size
Result: NOTE
installed size is 13.4Mb
sub-directories of 1Mb or more:
R 7.1Mb
data 5.2Mb
Flavors: r-oldrel-macos-arm64, r-oldrel-macos-x86_64, r-oldrel-windows-x86_64