Last updated on 2025-05-08 00:49:48 CEST.
Flavor | Version | Tinstall | Tcheck | Ttotal | Status | Flags |
---|---|---|---|---|---|---|
r-devel-linux-x86_64-debian-clang | 0.1.1 | 25.37 | 225.54 | 250.91 | NOTE | |
r-devel-linux-x86_64-debian-gcc | 0.1.1 | 18.03 | 163.78 | 181.81 | NOTE | |
r-devel-linux-x86_64-fedora-clang | 0.1.1 | 406.95 | OK | |||
r-devel-linux-x86_64-fedora-gcc | 0.1.1 | 395.14 | OK | |||
r-devel-windows-x86_64 | 0.1.1 | 25.00 | 190.00 | 215.00 | OK | |
r-patched-linux-x86_64 | 0.1.1 | 20.37 | 213.80 | 234.17 | OK | |
r-release-linux-x86_64 | 0.1.1 | 22.61 | 212.30 | 234.91 | OK | |
r-release-macos-arm64 | 0.1.1 | 107.00 | OK | |||
r-release-macos-x86_64 | 0.1.1 | 237.00 | OK | |||
r-release-windows-x86_64 | 0.1.1 | 26.00 | 192.00 | 218.00 | OK | |
r-oldrel-macos-arm64 | 0.1.1 | 105.00 | OK | |||
r-oldrel-macos-x86_64 | 0.1.1 | 158.00 | OK | |||
r-oldrel-windows-x86_64 | 0.1.1 | 34.00 | 244.00 | 278.00 | OK |
Version: 0.1.1
Check: CRAN incoming feasibility
Result: NOTE
Maintainer: ‘Julia Fukuyama <julia.fukuyama@gmail.com>’
No Authors@R field in DESCRIPTION.
Please add one, modifying
Authors@R: person(given = "Julia",
family = "Fukuyama",
role = c("aut", "cre"),
email = "julia.fukuyama@gmail.com")
as necessary.
Flavors: r-devel-linux-x86_64-debian-clang, r-devel-linux-x86_64-debian-gcc