Last updated on 2025-10-24 12:50:14 CEST.
| Flavor | Version | Tinstall | Tcheck | Ttotal | Status | Flags |
|---|---|---|---|---|---|---|
| r-devel-linux-x86_64-debian-clang | 1.0.0 | 30.83 | 103.76 | 134.59 | NOTE | |
| r-devel-linux-x86_64-debian-gcc | 1.0.0 | 24.00 | 70.55 | 94.55 | NOTE | |
| r-devel-linux-x86_64-fedora-clang | 1.0.0 | 76.00 | 136.85 | 212.85 | NOTE | |
| r-devel-linux-x86_64-fedora-gcc | 1.0.0 | 72.00 | 353.08 | 425.08 | NOTE | |
| r-devel-windows-x86_64 | 1.0.0 | 51.00 | 129.00 | 180.00 | NOTE | |
| r-patched-linux-x86_64 | 1.0.0 | 37.73 | 98.34 | 136.07 | NOTE | |
| r-release-linux-x86_64 | 1.0.0 | 33.38 | 97.84 | 131.22 | NOTE | |
| r-release-macos-arm64 | 1.0.0 | 14.00 | 87.00 | 101.00 | NOTE | |
| r-release-macos-x86_64 | 1.0.0 | 22.00 | 195.00 | 217.00 | NOTE | |
| r-release-windows-x86_64 | 1.0.0 | 52.00 | 128.00 | 180.00 | NOTE | |
| r-oldrel-macos-arm64 | 1.0.0 | 7.00 | 58.00 | 65.00 | NOTE | |
| r-oldrel-macos-x86_64 | 1.0.0 | 9.00 | 111.00 | 120.00 | NOTE | |
| r-oldrel-windows-x86_64 | 1.0.0 | 60.00 | 162.00 | 222.00 | NOTE |
Version: 1.0.0
Check: CRAN incoming feasibility
Result: NOTE
Maintainer: ‘Chunqiao Luo <chunqiaoluo@gmail.com>’
Package CITATION file contains call(s) to old-style citEntry(). Please
use bibentry() instead.
Flavors: r-devel-linux-x86_64-debian-clang, r-devel-linux-x86_64-debian-gcc
Version: 1.0.0
Check: C++ specification
Result: NOTE
Specified C++11: please drop specification unless essential
Flavors: r-devel-linux-x86_64-debian-clang, r-devel-linux-x86_64-debian-gcc, r-devel-linux-x86_64-fedora-clang, r-devel-linux-x86_64-fedora-gcc, r-devel-windows-x86_64, r-patched-linux-x86_64, r-release-linux-x86_64, r-release-macos-arm64, r-release-macos-x86_64, r-release-windows-x86_64, r-oldrel-macos-arm64, r-oldrel-macos-x86_64, r-oldrel-windows-x86_64
Version: 1.0.0
Check: for GNU extensions in Makefiles
Result: NOTE
GNU make is a SystemRequirements.
Flavors: r-oldrel-macos-arm64, r-oldrel-macos-x86_64, r-oldrel-windows-x86_64