CRAN Package Check Results for Package patternize

Last updated on 2025-10-21 02:49:30 CEST.

Flavor Version Tinstall Tcheck Ttotal Status Flags
r-devel-linux-x86_64-debian-clang 0.0.5 51.86 377.25 429.11 NOTE
r-devel-linux-x86_64-debian-gcc 0.0.5 32.86 243.65 276.51 NOTE
r-devel-linux-x86_64-fedora-clang 0.0.5 715.15 NOTE
r-devel-linux-x86_64-fedora-gcc 0.0.5 613.86 NOTE
r-devel-windows-x86_64 0.0.5 48.00 308.00 356.00 NOTE
r-patched-linux-x86_64 0.0.5 51.62 358.82 410.44 NOTE
r-release-linux-x86_64 0.0.5 52.31 355.24 407.55 NOTE
r-release-macos-arm64 0.0.5 137.00 NOTE
r-release-macos-x86_64 0.0.5 464.00 NOTE
r-release-windows-x86_64 0.0.5 50.00 309.00 359.00 NOTE
r-oldrel-macos-arm64 0.0.5 116.00 NOTE
r-oldrel-macos-x86_64 0.0.5 378.00 NOTE
r-oldrel-windows-x86_64 0.0.5 69.00 408.00 477.00 NOTE

Check Details

Version: 0.0.5
Check: Rd files
Result: NOTE checkRd: (-1) plotHeat.Rd:113: Lost braces 113 | code{\link[patternize]{patPCA}}, as 'one' when visualizing single image or as 'multi' for multi | ^ Flavors: r-devel-linux-x86_64-debian-clang, r-devel-linux-x86_64-debian-gcc, r-devel-linux-x86_64-fedora-clang, r-devel-linux-x86_64-fedora-gcc, r-devel-windows-x86_64, r-patched-linux-x86_64, r-release-linux-x86_64, r-release-macos-arm64, r-release-macos-x86_64, r-release-windows-x86_64, r-oldrel-macos-arm64, r-oldrel-macos-x86_64, r-oldrel-windows-x86_64

Version: 0.0.5
Check: HTML version of manual
Result: NOTE Found the following HTML validation problems: createPhenotype.html:170:1 (createPhenotype.Rd:90): Warning: missing </ul> before </div> plotRasterstackAsImage.html:50:1 (plotRasterstackAsImage.Rd:12): Warning: missing </ul> before </div> Flavor: r-devel-linux-x86_64-debian-gcc