CRAN Package Check Results for Package ouladFormat

Last updated on 2025-05-09 21:51:06 CEST.

Flavor Version Tinstall Tcheck Ttotal Status Flags
r-devel-linux-x86_64-debian-clang 1.1.2 4.46 40.98 45.44 ERROR
r-devel-linux-x86_64-debian-gcc 1.1.2 3.41 30.18 33.59 ERROR
r-devel-linux-x86_64-fedora-clang 1.1.2 80.13 OK
r-devel-linux-x86_64-fedora-gcc 1.1.2 67.63 ERROR
r-devel-windows-x86_64 1.1.2 7.00 60.00 67.00 ERROR
r-patched-linux-x86_64 1.1.2 5.21 38.60 43.81 ERROR
r-release-linux-x86_64 1.1.2 4.41 38.13 42.54 ERROR
r-release-macos-arm64 1.1.2 34.00 OK
r-release-macos-x86_64 1.1.2 62.00 OK
r-release-windows-x86_64 1.1.2 8.00 62.00 70.00 ERROR
r-oldrel-macos-arm64 1.1.2 34.00 OK
r-oldrel-macos-x86_64 1.1.2 53.00 OK
r-oldrel-windows-x86_64 1.1.2 8.00 68.00 76.00 ERROR

Check Details

Version: 1.1.2
Check: examples
Result: ERROR Running examples in ‘ouladFormat-Ex.R’ failed The error most likely occurred in: > base::assign(".ptime", proc.time(), pos = "CheckExEnv") > ### Name: convert_VLE > ### Title: Converts the VLE data format > ### Aliases: convert_VLE > > ### ** Examples > > VLE_data = dataset_VLE_activity(example_data = TRUE)$resource_data Error in load_github_modified("https://github.com/ehoward1/oulad_data/blob/5bbf34af9922471385371e0d26133d54015f21a2/vle.RData", : Too Many Requests (RFC 6585) (HTTP 429). Calls: dataset_VLE_activity -> load_github_modified -> <Anonymous> Execution halted Examples with CPU (user + system) or elapsed time > 5s user system elapsed combined_dataset 2.4 0.168 6.542 Flavor: r-devel-linux-x86_64-debian-clang

Version: 1.1.2
Check: examples
Result: ERROR Running examples in ‘ouladFormat-Ex.R’ failed The error most likely occurred in: > base::assign(".ptime", proc.time(), pos = "CheckExEnv") > ### Name: convert_VLE > ### Title: Converts the VLE data format > ### Aliases: convert_VLE > > ### ** Examples > > VLE_data = dataset_VLE_activity(example_data = TRUE)$resource_data Error in load_github_modified("https://github.com/ehoward1/oulad_data/blob/5bbf34af9922471385371e0d26133d54015f21a2/vle.RData", : Too Many Requests (RFC 6585) (HTTP 429). Calls: dataset_VLE_activity -> load_github_modified -> <Anonymous> Execution halted Examples with CPU (user + system) or elapsed time > 5s user system elapsed combined_dataset 1.556 0.094 5.108 Flavor: r-devel-linux-x86_64-debian-gcc

Version: 1.1.2
Check: examples
Result: ERROR Running examples in ‘ouladFormat-Ex.R’ failed The error most likely occurred in: > ### Name: convert_VLE > ### Title: Converts the VLE data format > ### Aliases: convert_VLE > > ### ** Examples > > VLE_data = dataset_VLE_activity(example_data = TRUE)$resource_data Error in load_github_modified("https://github.com/ehoward1/oulad_data/blob/5bbf34af9922471385371e0d26133d54015f21a2/vle.RData", : Too Many Requests (RFC 6585) (HTTP 429). Calls: dataset_VLE_activity -> load_github_modified -> <Anonymous> Execution halted Flavors: r-devel-linux-x86_64-fedora-gcc, r-devel-windows-x86_64, r-release-windows-x86_64, r-oldrel-windows-x86_64

Version: 1.1.2
Check: examples
Result: ERROR Running examples in ‘ouladFormat-Ex.R’ failed The error most likely occurred in: > base::assign(".ptime", proc.time(), pos = "CheckExEnv") > ### Name: convert_VLE > ### Title: Converts the VLE data format > ### Aliases: convert_VLE > > ### ** Examples > > VLE_data = dataset_VLE_activity(example_data = TRUE)$resource_data Error in load_github_modified("https://github.com/ehoward1/oulad_data/blob/5bbf34af9922471385371e0d26133d54015f21a2/vle.RData", : Too Many Requests (RFC 6585) (HTTP 429). Calls: dataset_VLE_activity -> load_github_modified -> <Anonymous> Execution halted Examples with CPU (user + system) or elapsed time > 5s user system elapsed combined_dataset 2.422 0.145 5.92 Flavor: r-patched-linux-x86_64

Version: 1.1.2
Check: examples
Result: ERROR Running examples in ‘ouladFormat-Ex.R’ failed The error most likely occurred in: > base::assign(".ptime", proc.time(), pos = "CheckExEnv") > ### Name: convert_VLE > ### Title: Converts the VLE data format > ### Aliases: convert_VLE > > ### ** Examples > > VLE_data = dataset_VLE_activity(example_data = TRUE)$resource_data Error in load_github_modified("https://github.com/ehoward1/oulad_data/blob/5bbf34af9922471385371e0d26133d54015f21a2/vle.RData", : Too Many Requests (RFC 6585) (HTTP 429). Calls: dataset_VLE_activity -> load_github_modified -> <Anonymous> Execution halted Examples with CPU (user + system) or elapsed time > 5s user system elapsed combined_dataset 2.339 0.105 6.26 Flavor: r-release-linux-x86_64