Last updated on 2025-05-12 01:49:18 CEST.
Flavor | Version | Tinstall | Tcheck | Ttotal | Status | Flags |
---|---|---|---|---|---|---|
r-devel-linux-x86_64-debian-clang | 1.0.1 | 10.04 | 68.58 | 78.62 | NOTE | |
r-devel-linux-x86_64-debian-gcc | 1.0.1 | 7.33 | 52.77 | 60.10 | NOTE | |
r-devel-linux-x86_64-fedora-clang | 1.0.1 | 129.51 | NOTE | |||
r-devel-linux-x86_64-fedora-gcc | 1.0.1 | 121.17 | NOTE | |||
r-devel-windows-x86_64 | 1.0.1 | 11.00 | 81.00 | 92.00 | NOTE | |
r-patched-linux-x86_64 | 1.0.1 | 10.15 | 67.03 | 77.18 | NOTE | |
r-release-linux-x86_64 | 1.0.1 | 10.10 | 66.48 | 76.58 | NOTE | |
r-release-macos-arm64 | 1.0.1 | 62.00 | OK | |||
r-release-macos-x86_64 | 1.0.1 | 83.00 | OK | |||
r-release-windows-x86_64 | 1.0.1 | 10.00 | 85.00 | 95.00 | NOTE | |
r-oldrel-macos-arm64 | 1.0.1 | 47.00 | OK | |||
r-oldrel-macos-x86_64 | 1.0.1 | 67.00 | OK | |||
r-oldrel-windows-x86_64 | 1.0.1 | 13.00 | 100.00 | 113.00 | OK |
Version: 1.0.1
Check: CRAN incoming feasibility
Result: NOTE
Maintainer: ‘Dibaba Bayisa Gemechu <diboobayu@gmail.com>’
No Authors@R field in DESCRIPTION.
Please add one, modifying
Authors@R: c(person(given = c("Dibaba", "Bayisa"),
family = "Gemechu",
role = c("aut", "cre"),
email = "diboobayu@gmail.com"),
person(given = c("Legesse", "Kassa"),
family = "Debusho",
role = "aut"),
person(given = "Linda",
family = "Haines",
role = "aut"))
as necessary.
Flavors: r-devel-linux-x86_64-debian-clang, r-devel-linux-x86_64-debian-gcc
Version: 1.0.1
Check: Rd cross-references
Result: NOTE
Found the following Rd file(s) with Rd \link{} targets missing package
anchors:
graphoptbd.mae.Rd: igraph
Please provide package anchors for all Rd \link{} targets not in the
package itself and the base packages.
Flavors: r-devel-linux-x86_64-debian-clang, r-devel-linux-x86_64-debian-gcc, r-devel-windows-x86_64, r-patched-linux-x86_64, r-release-linux-x86_64, r-release-windows-x86_64
Version: 1.0.1
Check: for non-standard things in the check directory
Result: NOTE
Found the following files/directories:
‘Graph_layout_Doptbd_trtE’
Flavors: r-devel-linux-x86_64-debian-clang, r-devel-linux-x86_64-debian-gcc, r-devel-linux-x86_64-fedora-clang, r-devel-linux-x86_64-fedora-gcc, r-patched-linux-x86_64, r-release-linux-x86_64