Last updated on 2025-10-31 15:48:48 CET.
| Flavor | Version | Tinstall | Tcheck | Ttotal | Status | Flags | 
|---|---|---|---|---|---|---|
| r-devel-linux-x86_64-debian-clang | 1.20 | 117.16 | 287.68 | 404.84 | NOTE | |
| r-devel-linux-x86_64-debian-gcc | 1.20 | 80.82 | 195.24 | 276.06 | NOTE | |
| r-devel-linux-x86_64-fedora-clang | 1.21 | 204.00 | 309.67 | 513.67 | OK | |
| r-devel-linux-x86_64-fedora-gcc | 1.21 | 277.00 | 355.13 | 632.13 | OK | |
| r-devel-windows-x86_64 | 1.20 | 112.00 | 271.00 | 383.00 | OK | |
| r-patched-linux-x86_64 | 1.20 | 120.68 | 270.22 | 390.90 | OK | |
| r-release-linux-x86_64 | 1.20 | 119.85 | 277.29 | 397.14 | OK | |
| r-release-macos-arm64 | 1.21 | 45.00 | 107.00 | 152.00 | OK | |
| r-release-macos-x86_64 | 1.21 | 72.00 | 279.00 | 351.00 | OK | |
| r-release-windows-x86_64 | 1.20 | 106.00 | 269.00 | 375.00 | OK | |
| r-oldrel-macos-arm64 | 1.21 | 62.00 | 227.00 | 289.00 | NOTE | |
| r-oldrel-macos-x86_64 | 1.21 | 72.00 | 271.00 | 343.00 | NOTE | |
| r-oldrel-windows-x86_64 | 1.20 | 111.00 | 334.00 | 445.00 | NOTE | 
Version: 1.20
Check: Rd files
Result: NOTE
  checkRd: (-1) wb_add_data_table.Rd:61: height/width attributes should be in pixels
  checkRd: (-1) write_datatable.Rd:61: height/width attributes should be in pixels
Flavors: r-devel-linux-x86_64-debian-clang, r-devel-linux-x86_64-debian-gcc
Version: 1.21
Check: installed package size
Result: NOTE
    installed size is 14.7Mb
    sub-directories of 1Mb or more:
      R      2.0Mb
      libs  10.3Mb
Flavors: r-oldrel-macos-arm64, r-oldrel-macos-x86_64
Version: 1.20
Check: installed package size
Result: NOTE
    installed size is  5.2Mb
    sub-directories of 1Mb or more:
      R      1.1Mb
      libs   1.8Mb
Flavor: r-oldrel-windows-x86_64