Last updated on 2025-10-31 23:49:18 CET.
| Flavor | Version | Tinstall | Tcheck | Ttotal | Status | Flags | 
|---|---|---|---|---|---|---|
| r-devel-linux-x86_64-debian-clang | 0.5.0 | 6.54 | 268.60 | 275.14 | OK | |
| r-devel-linux-x86_64-debian-gcc | 0.5.0 | 4.10 | 172.17 | 176.27 | OK | |
| r-devel-linux-x86_64-fedora-clang | 0.5.0 | 51.00 | 440.08 | 491.08 | OK | |
| r-devel-linux-x86_64-fedora-gcc | 0.5.0 | 49.00 | 438.02 | 487.02 | OK | |
| r-devel-windows-x86_64 | 0.5.0 | 8.00 | 229.00 | 237.00 | OK | |
| r-patched-linux-x86_64 | 0.5.0 | 6.13 | 253.17 | 259.30 | OK | |
| r-release-linux-x86_64 | 0.5.0 | 6.53 | 252.21 | 258.74 | OK | |
| r-release-macos-arm64 | 0.6.0 | 3.00 | 128.00 | 131.00 | OK | |
| r-release-macos-x86_64 | 0.6.0 | 3.00 | 149.00 | 152.00 | OK | |
| r-release-windows-x86_64 | 0.5.0 | 7.00 | 227.00 | 234.00 | OK | |
| r-oldrel-macos-arm64 | 0.5.0 | 3.00 | 110.00 | 113.00 | OK | |
| r-oldrel-macos-x86_64 | 0.6.0 | 12.00 | ERROR | |||
| r-oldrel-windows-x86_64 | 0.5.0 | 9.00 | 317.00 | 326.00 | OK | 
Version: 0.6.0
Check: package dependencies
Result: ERROR
  Package required and available but unsuitable version: ‘omopgenerics’
  
  See section ‘The DESCRIPTION file’ in the ‘Writing R Extensions’
  manual.
Flavor: r-oldrel-macos-x86_64