Last updated on 2025-05-10 19:51:03 CEST.
Flavor | Version | Tinstall | Tcheck | Ttotal | Status | Flags |
---|---|---|---|---|---|---|
r-devel-linux-x86_64-debian-clang | 0.1.5 | 2.36 | 21.41 | 23.77 | NOTE | |
r-devel-linux-x86_64-debian-gcc | 0.1.5 | 1.92 | 16.75 | 18.67 | NOTE | |
r-devel-linux-x86_64-fedora-clang | 0.1.5 | 38.11 | OK | |||
r-devel-linux-x86_64-fedora-gcc | 0.1.5 | 36.57 | OK | |||
r-devel-windows-x86_64 | 0.1.5 | 5.00 | 43.00 | 48.00 | OK | |
r-patched-linux-x86_64 | 0.1.5 | 2.56 | 20.42 | 22.98 | OK | |
r-release-linux-x86_64 | 0.1.5 | 2.21 | 20.57 | 22.78 | OK | |
r-release-macos-arm64 | 0.1.5 | 20.00 | OK | |||
r-release-macos-x86_64 | 0.1.5 | 30.00 | OK | |||
r-release-windows-x86_64 | 0.1.5 | 3.00 | 46.00 | 49.00 | OK | |
r-oldrel-macos-arm64 | 0.1.5 | 16.00 | OK | |||
r-oldrel-macos-x86_64 | 0.1.5 | 25.00 | OK | |||
r-oldrel-windows-x86_64 | 0.1.5 | 3.00 | 42.00 | 45.00 | OK |
Version: 0.1.5
Check: CRAN incoming feasibility
Result: NOTE
Maintainer: ‘Kyun-Seop Bae <k@acr.kr>’
No Authors@R field in DESCRIPTION.
Please add one, modifying
Authors@R: person(given = "Kyun-Seop",
family = "Bae",
role = c("aut", "cre"),
email = "k@acr.kr")
as necessary.
Flavors: r-devel-linux-x86_64-debian-clang, r-devel-linux-x86_64-debian-gcc