Last updated on 2025-05-09 16:53:02 CEST.
Flavor | Version | Tinstall | Tcheck | Ttotal | Status | Flags |
---|---|---|---|---|---|---|
r-devel-linux-x86_64-debian-clang | 0.99-3 | 17.23 | 58.44 | 75.67 | NOTE | |
r-devel-linux-x86_64-debian-gcc | 0.99-3 | 10.80 | 37.15 | 47.95 | NOTE | |
r-devel-linux-x86_64-fedora-clang | 0.99-3 | 117.80 | NOTE | |||
r-devel-linux-x86_64-fedora-gcc | 0.99-3 | 112.91 | NOTE | |||
r-devel-windows-x86_64 | 0.99-3 | 15.00 | 67.00 | 82.00 | NOTE | |
r-patched-linux-x86_64 | 0.99-3 | 16.04 | 53.66 | 69.70 | NOTE | |
r-release-linux-x86_64 | 0.99-3 | 14.09 | 54.26 | 68.35 | NOTE | |
r-release-macos-arm64 | 0.99-3 | 33.00 | NOTE | |||
r-release-macos-x86_64 | 0.99-3 | 62.00 | NOTE | |||
r-release-windows-x86_64 | 0.99-3 | 15.00 | 68.00 | 83.00 | NOTE | |
r-oldrel-macos-arm64 | 0.99-3 | 31.00 | OK | |||
r-oldrel-macos-x86_64 | 0.99-3 | 49.00 | OK | |||
r-oldrel-windows-x86_64 | 0.99-3 | 16.00 | 80.00 | 96.00 | OK |
Version: 0.99-3
Check: DESCRIPTION meta-information
Result: NOTE
Missing dependency on R >= 4.1.0 because package code uses the pipe
|> or function shorthand \(...) syntax added in R 4.1.0.
File(s) using such syntax:
‘mlgraph.Rd’
Flavors: r-devel-linux-x86_64-debian-clang, r-devel-linux-x86_64-debian-gcc, r-devel-linux-x86_64-fedora-clang, r-devel-linux-x86_64-fedora-gcc, r-devel-windows-x86_64, r-patched-linux-x86_64, r-release-linux-x86_64, r-release-macos-arm64, r-release-macos-x86_64, r-release-windows-x86_64