Last updated on 2025-11-13 17:50:40 CET.
| Flavor | Version | Tinstall | Tcheck | Ttotal | Status | Flags |
|---|---|---|---|---|---|---|
| r-devel-linux-x86_64-debian-clang | 1.0 | 10.70 | 75.12 | 85.82 | OK | |
| r-devel-linux-x86_64-debian-gcc | 1.0 | 7.63 | 54.37 | 62.00 | OK | |
| r-devel-linux-x86_64-fedora-clang | 1.0 | 38.00 | 99.95 | 137.95 | OK | |
| r-devel-linux-x86_64-fedora-gcc | 1.0 | 21.00 | 101.72 | 122.72 | OK | |
| r-devel-windows-x86_64 | 1.0 | 12.00 | 79.00 | 91.00 | OK | |
| r-patched-linux-x86_64 | 1.0 | 9.80 | 71.25 | 81.05 | OK | |
| r-release-linux-x86_64 | 1.0 | 9.07 | 71.66 | 80.73 | OK | |
| r-release-macos-arm64 | 1.0 | 4.00 | 34.00 | 38.00 | OK | |
| r-release-macos-x86_64 | 1.0 | 9.00 | 69.00 | 78.00 | OK | |
| r-release-windows-x86_64 | 1.0 | 10.00 | 80.00 | 90.00 | OK | |
| r-oldrel-macos-arm64 | 1.0 | 5.00 | 40.00 | 45.00 | OK | |
| r-oldrel-macos-x86_64 | 1.0 | 9.00 | 72.00 | 81.00 | OK | |
| r-oldrel-windows-x86_64 | 1.0 | 1.00 | 10.00 | 11.00 | ERROR |
Version: 1.0
Check: package dependencies
Result: ERROR
Package required but not available: 'MBESS'
See section 'The DESCRIPTION file' in the 'Writing R Extensions'
manual.
Flavor: r-oldrel-windows-x86_64