Last updated on 2025-10-31 23:49:17 CET.
| Flavor | Version | Tinstall | Tcheck | Ttotal | Status | Flags | 
|---|---|---|---|---|---|---|
| r-devel-linux-x86_64-debian-clang | 3.1 | 4.09 | 426.40 | 430.49 | NOTE | |
| r-devel-linux-x86_64-debian-gcc | 3.1 | 2.62 | 234.21 | 236.83 | NOTE | |
| r-devel-linux-x86_64-fedora-clang | 3.1 | 684.85 | OK | |||
| r-devel-linux-x86_64-fedora-gcc | 3.1 | 699.92 | OK | |||
| r-devel-windows-x86_64 | 3.1 | 4.00 | 346.00 | 350.00 | OK | |
| r-patched-linux-x86_64 | 3.1 | 3.54 | 401.75 | 405.29 | OK | |
| r-release-linux-x86_64 | 3.1 | 3.49 | 404.31 | 407.80 | OK | |
| r-release-macos-arm64 | 3.1 | 2.00 | 133.00 | 135.00 | OK | |
| r-release-macos-x86_64 | 3.1 | 3.00 | 368.00 | 371.00 | OK | |
| r-release-windows-x86_64 | 3.1 | 7.00 | 332.00 | 339.00 | OK | |
| r-oldrel-macos-arm64 | 3.1 | 2.00 | 125.00 | 127.00 | OK | |
| r-oldrel-macos-x86_64 | 3.1 | 3.00 | 322.00 | 325.00 | OK | |
| r-oldrel-windows-x86_64 | 3.1 | 7.00 | 521.00 | 528.00 | OK | 
Version: 3.1
Check: CRAN incoming feasibility
Result: NOTE
  Maintainer: ‘Atsushi Kawaguchi <kawa_a24@yahoo.co.jp>’
  
  No Authors@R field in DESCRIPTION.
  Please add one, modifying
    Authors@R: person(given = "Atsushi",
                      family = "Kawaguchi",
                      role = c("aut", "cre"),
                      email = "kawa_a24@yahoo.co.jp")
  as necessary.
Flavors: r-devel-linux-x86_64-debian-clang, r-devel-linux-x86_64-debian-gcc