Last updated on 2025-05-09 11:50:30 CEST.
Flavor | Version | Tinstall | Tcheck | Ttotal | Status | Flags |
---|---|---|---|---|---|---|
r-devel-linux-x86_64-debian-clang | 0.2.3 | 23.38 | 263.66 | 287.04 | OK | |
r-devel-linux-x86_64-debian-gcc | 0.2.3 | 16.08 | 185.72 | 201.80 | OK | |
r-devel-linux-x86_64-fedora-clang | 0.2.3 | 467.69 | NOTE | |||
r-devel-linux-x86_64-fedora-gcc | 0.2.3 | 472.54 | NOTE | |||
r-devel-windows-x86_64 | 0.2.3 | 26.00 | 221.00 | 247.00 | OK | |
r-patched-linux-x86_64 | 0.2.3 | 21.28 | 244.34 | 265.62 | OK | |
r-release-linux-x86_64 | 0.2.3 | 24.38 | 245.40 | 269.78 | OK | |
r-release-macos-arm64 | 0.2.3 | 136.00 | OK | |||
r-release-macos-x86_64 | 0.2.3 | 262.00 | OK | |||
r-release-windows-x86_64 | 0.2.3 | 25.00 | 219.00 | 244.00 | OK | |
r-oldrel-macos-arm64 | 0.2.3 | 137.00 | OK | |||
r-oldrel-macos-x86_64 | 0.2.3 | 203.00 | OK | |||
r-oldrel-windows-x86_64 | 0.2.3 | 34.00 | 310.00 | 344.00 | OK |
Version: 0.2.3
Check: dependencies in R code
Result: NOTE
Namespaces in Imports field not imported from:
‘crayon’ ‘dials’ ‘glue’ ‘parsnip’
All declared Imports should be used.
Flavors: r-devel-linux-x86_64-fedora-clang, r-devel-linux-x86_64-fedora-gcc