Last updated on 2025-10-21 23:51:01 CEST.
Flavor | Version | Tinstall | Tcheck | Ttotal | Status | Flags |
---|---|---|---|---|---|---|
r-devel-linux-x86_64-debian-clang | 0.10.1 | 7.50 | 218.90 | 226.40 | NOTE | |
r-devel-linux-x86_64-debian-gcc | 0.10.1 | 5.41 | 145.63 | 151.04 | NOTE | |
r-devel-linux-x86_64-fedora-clang | 0.10.1 | 46.00 | 321.16 | 367.16 | OK | |
r-devel-linux-x86_64-fedora-gcc | 0.10.1 | 16.00 | 317.34 | 333.34 | OK | |
r-devel-windows-x86_64 | 0.10.1 | 9.00 | 165.00 | 174.00 | OK | |
r-patched-linux-x86_64 | 0.10.1 | 7.65 | 203.14 | 210.79 | OK | |
r-release-linux-x86_64 | 0.10.1 | 6.78 | 205.77 | 212.55 | OK | |
r-release-macos-arm64 | 0.10.1 | 3.00 | 56.00 | 59.00 | OK | |
r-release-macos-x86_64 | 0.10.1 | 9.00 | 122.00 | 131.00 | OK | |
r-release-windows-x86_64 | 0.10.1 | 10.00 | 166.00 | 176.00 | OK | |
r-oldrel-macos-arm64 | 0.10.1 | 3.00 | 62.00 | 65.00 | NOTE | |
r-oldrel-macos-x86_64 | 0.10.1 | 6.00 | 138.00 | 144.00 | NOTE | |
r-oldrel-windows-x86_64 | 0.10.1 | 13.00 | 224.00 | 237.00 | NOTE |
Version: 0.10.1
Check: HTML version of manual
Result: NOTE
Found the following HTML validation problems:
predict_grid.html:61:1 (predict_grid.Rd:17): Warning: missing </ul> before </div>
Flavors: r-devel-linux-x86_64-debian-clang, r-devel-linux-x86_64-debian-gcc
Version: 0.10.1
Check: package dependencies
Result: NOTE
Package suggested but not available for checking: ‘mlr3proba’
Flavors: r-oldrel-macos-arm64, r-oldrel-macos-x86_64, r-oldrel-windows-x86_64