Last updated on 2025-07-08 21:48:29 CEST.
Flavor | Version | Tinstall | Tcheck | Ttotal | Status | Flags |
---|---|---|---|---|---|---|
r-devel-linux-x86_64-debian-clang | 0.2.1 | 51.48 | 12.53 | 64.01 | ERROR | |
r-devel-linux-x86_64-debian-gcc | 0.3.0 | 34.36 | 9.78 | 44.14 | ERROR | |
r-devel-linux-x86_64-fedora-clang | 0.3.0 | 627.72 | OK | |||
r-devel-linux-x86_64-fedora-gcc | 0.3.0 | 599.18 | OK | |||
r-devel-windows-x86_64 | 0.2.1 | 48.00 | 573.00 | 621.00 | OK | |
r-patched-linux-x86_64 | 0.2.1 | 63.36 | 8.10 | 71.46 | ERROR | |
r-release-linux-x86_64 | 0.2.1 | 47.23 | 7.96 | 55.19 | ERROR | |
r-release-macos-arm64 | 0.2.1 | 142.00 | OK | |||
r-release-macos-x86_64 | 0.3.0 | 228.00 | OK | |||
r-release-windows-x86_64 | 0.2.1 | 55.00 | 578.00 | 633.00 | OK | |
r-oldrel-macos-arm64 | 0.2.1 | 113.00 | OK | |||
r-oldrel-macos-x86_64 | 0.3.0 | 230.00 | NOTE | |||
r-oldrel-windows-x86_64 | 0.2.1 | 71.00 | 772.00 | 843.00 | OK |
Version: 0.2.1
Check: whether the package can be loaded
Result: ERROR
Loading this package had a fatal error status code 1
Loading log:
Loading required package: mlr3
Loading required package: mlr3pipelines
Loading required package: torch
Error: package or namespace load failed for ‘torch’:
.onLoad failed in loadNamespace() for 'torch', details:
call: inst_path()
error: torch cannot write into
'/home/hornik/tmp/R.check/r-devel-clang/Work/build/Packages/torch/'.
Error: package ‘torch’ could not be loaded
Execution halted
Flavor: r-devel-linux-x86_64-debian-clang
Version: 0.3.0
Check: whether the package can be loaded
Result: ERROR
Loading this package had a fatal error status code 1
Loading log:
Loading required package: mlr3
Loading required package: mlr3pipelines
Loading required package: torch
Error: package or namespace load failed for ‘torch’:
.onLoad failed in loadNamespace() for 'torch', details:
call: inst_path()
error: torch cannot write into
'/home/hornik/tmp/R.check/r-devel-gcc/Work/build/Packages/torch/'.
Error: package ‘torch’ could not be loaded
Execution halted
Flavor: r-devel-linux-x86_64-debian-gcc
Version: 0.2.1
Check: whether the package can be loaded
Result: ERROR
Loading this package had a fatal error status code 1
Loading log:
Loading required package: mlr3
Loading required package: mlr3pipelines
Loading required package: torch
Error: package or namespace load failed for ‘torch’:
.onLoad failed in loadNamespace() for 'torch', details:
call: inst_path()
error: torch cannot write into
'/home/hornik/tmp/R.check/r-patched-gcc/Work/build/Packages/torch/'.
Error: package ‘torch’ could not be loaded
Execution halted
Flavor: r-patched-linux-x86_64
Version: 0.2.1
Check: whether the package can be loaded
Result: ERROR
Loading this package had a fatal error status code 1
Loading log:
Loading required package: mlr3
Loading required package: mlr3pipelines
Loading required package: torch
Error: package or namespace load failed for ‘torch’:
.onLoad failed in loadNamespace() for 'torch', details:
call: inst_path()
error: torch cannot write into
'/home/hornik/tmp/R.check/r-release-gcc/Work/build/Packages/torch/'.
Error: package ‘torch’ could not be loaded
Execution halted
Flavor: r-release-linux-x86_64
Version: 0.3.0
Check: installed package size
Result: NOTE
installed size is 5.9Mb
sub-directories of 1Mb or more:
R 3.0Mb
help 2.7Mb
Flavor: r-oldrel-macos-x86_64