Last updated on 2025-10-31 15:48:45 CET.
| Flavor | Version | Tinstall | Tcheck | Ttotal | Status | Flags | 
|---|---|---|---|---|---|---|
| r-devel-linux-x86_64-debian-clang | 2.0.0.1 | 33.62 | 265.03 | 298.65 | NOTE | |
| r-devel-linux-x86_64-debian-gcc | 2.0.0.1 | 20.88 | 174.31 | 195.19 | NOTE | |
| r-devel-linux-x86_64-fedora-clang | 2.0.0.1 | 78.00 | 390.28 | 468.28 | OK | |
| r-devel-linux-x86_64-fedora-gcc | 2.0.0.1 | 67.00 | 385.65 | 452.65 | OK | |
| r-devel-windows-x86_64 | 2.0.0.1 | 35.00 | 324.00 | 359.00 | OK | |
| r-patched-linux-x86_64 | 2.0.0.1 | 33.50 | 252.15 | 285.65 | OK | |
| r-release-linux-x86_64 | 2.0.0.1 | 30.74 | 249.90 | 280.64 | OK | |
| r-release-macos-arm64 | 2.0.0.1 | 12.00 | 97.00 | 109.00 | OK | |
| r-release-macos-x86_64 | 2.0.0.1 | 27.00 | 217.00 | 244.00 | OK | |
| r-release-windows-x86_64 | 2.0.0.1 | 43.00 | 332.00 | 375.00 | OK | |
| r-oldrel-macos-arm64 | 2.0.0.1 | 12.00 | 99.00 | 111.00 | OK | |
| r-oldrel-macos-x86_64 | 2.0.0.1 | 28.00 | 189.00 | 217.00 | OK | |
| r-oldrel-windows-x86_64 | 2.0.0.1 | 50.00 | 426.00 | 476.00 | OK | 
Version: 2.0.0.1
Check: CRAN incoming feasibility
Result: NOTE
  Maintainer: ‘Derek Young <derek.young@uky.edu>’
  
  Package CITATION file contains call(s) to old-style personList() or
  as.personList().  Please use c() on person objects instead.
  Package CITATION file contains call(s) to old-style citEntry().  Please
  use bibentry() instead.
Flavors: r-devel-linux-x86_64-debian-clang, r-devel-linux-x86_64-debian-gcc