Last updated on 2025-07-09 14:49:55 CEST.
Flavor | Version | Tinstall | Tcheck | Ttotal | Status | Flags |
---|---|---|---|---|---|---|
r-devel-linux-x86_64-debian-clang | 0.1.9 | 130.14 | 32.01 | 162.15 | OK | |
r-devel-linux-x86_64-debian-gcc | 0.1.9 | 89.00 | 24.81 | 113.81 | OK | |
r-devel-linux-x86_64-fedora-clang | 0.1.10 | 317.19 | OK | |||
r-devel-linux-x86_64-fedora-gcc | 0.1.10 | 306.56 | OK | |||
r-devel-windows-x86_64 | 0.1.9 | 132.00 | 72.00 | 204.00 | OK | |
r-patched-linux-x86_64 | 0.1.9 | 124.87 | 29.34 | 154.21 | OK | |
r-release-linux-x86_64 | 0.1.8 | 123.63 | 29.32 | 152.95 | OK | |
r-release-macos-arm64 | 0.1.8 | 60.00 | OK | |||
r-release-macos-x86_64 | 0.1.10 | 84.00 | OK | |||
r-release-windows-x86_64 | 0.1.10 | 116.00 | 70.00 | 186.00 | OK | |
r-oldrel-macos-arm64 | 0.1.8 | 63.00 | NOTE | |||
r-oldrel-macos-x86_64 | 0.1.10 | 81.00 | NOTE | |||
r-oldrel-windows-x86_64 | 0.1.10 | 108.00 | 81.00 | 189.00 | OK |
Version: 0.1.8
Check: installed package size
Result: NOTE
installed size is 7.1Mb
sub-directories of 1Mb or more:
libs 7.0Mb
Flavor: r-oldrel-macos-arm64
Version: 0.1.10
Check: installed package size
Result: NOTE
installed size is 7.2Mb
sub-directories of 1Mb or more:
libs 7.0Mb
Flavor: r-oldrel-macos-x86_64