Last updated on 2025-10-31 23:49:16 CET.
| Flavor | Version | Tinstall | Tcheck | Ttotal | Status | Flags | 
|---|---|---|---|---|---|---|
| r-devel-linux-x86_64-debian-clang | 0.9-2 | 29.01 | 288.21 | 317.22 | OK | |
| r-devel-linux-x86_64-debian-gcc | 0.9-2 | 20.77 | 211.54 | 232.31 | OK | |
| r-devel-linux-x86_64-fedora-clang | 0.9-2 | 62.00 | 442.01 | 504.01 | OK | |
| r-devel-linux-x86_64-fedora-gcc | 0.9-2 | 222.00 | 311.66 | 533.66 | OK | |
| r-devel-windows-x86_64 | 0.9-2 | 30.00 | 258.00 | 288.00 | OK | |
| r-patched-linux-x86_64 | 0.9-2 | 29.16 | 275.03 | 304.19 | OK | |
| r-release-linux-x86_64 | 0.9-2 | 27.70 | 274.31 | 302.01 | OK | |
| r-release-macos-arm64 | 0.9-2 | 11.00 | 101.00 | 112.00 | OK | |
| r-release-macos-x86_64 | 0.9-2 | 24.00 | 224.00 | 248.00 | OK | |
| r-release-windows-x86_64 | 0.9-2 | 30.00 | 251.00 | 281.00 | OK | |
| r-oldrel-macos-arm64 | 0.9-2 | 12.00 | 115.00 | 127.00 | OK | |
| r-oldrel-macos-x86_64 | 0.9-2 | 27.00 | 261.00 | 288.00 | OK | |
| r-oldrel-windows-x86_64 | 0.9-2 | 5.00 | 10.00 | 15.00 | ERROR | 
Version: 0.9-2
Check: whether package can be installed
Result: ERROR
  Installation failed.
Flavor: r-oldrel-windows-x86_64