CRAN Package Check Results for Package mitools

Last updated on 2025-11-02 16:48:37 CET.

Flavor Version Tinstall Tcheck Ttotal Status Flags
r-devel-linux-x86_64-debian-clang 2.4 2.68 33.59 36.27 NOTE
r-devel-linux-x86_64-debian-gcc 2.4 2.17 26.88 29.05 NOTE
r-devel-linux-x86_64-fedora-clang 2.4 53.41 NOTE
r-devel-linux-x86_64-fedora-gcc 2.4 64.76 NOTE
r-devel-windows-x86_64 2.4 4.00 57.00 61.00 NOTE
r-patched-linux-x86_64 2.4 2.63 32.30 34.93 NOTE
r-release-linux-x86_64 2.4 1.96 32.29 34.25 NOTE
r-release-macos-arm64 2.4 1.00 26.00 27.00 NOTE
r-release-macos-x86_64 2.4 3.00 77.00 80.00 NOTE
r-release-windows-x86_64 2.4 5.00 56.00 61.00 NOTE
r-oldrel-macos-arm64 2.4 1.00 29.00 30.00 NOTE
r-oldrel-macos-x86_64 2.4 2.00 38.00 40.00 NOTE
r-oldrel-windows-x86_64 2.4 7.00 66.00 73.00 NOTE

Check Details

Version: 2.4
Check: CRAN incoming feasibility
Result: NOTE Maintainer: ‘Thomas Lumley <t.lumley@auckland.ac.nz>’ No Authors@R field in DESCRIPTION. Please add one, modifying Authors@R: person(given = "Thomas", family = "Lumley", role = c("aut", "cre"), email = "t.lumley@auckland.ac.nz") as necessary. Flavors: r-devel-linux-x86_64-debian-clang, r-devel-linux-x86_64-debian-gcc

Version: 2.4
Check: Rd files
Result: NOTE checkRd: (-1) PV.Rd:14: Lost braces 14 | plausible value in turn; with code{rewrite=FALSE} a new data set is | ^ Flavors: r-devel-linux-x86_64-debian-clang, r-devel-linux-x86_64-debian-gcc, r-devel-linux-x86_64-fedora-clang, r-devel-linux-x86_64-fedora-gcc, r-devel-windows-x86_64, r-patched-linux-x86_64, r-release-linux-x86_64, r-release-macos-arm64, r-release-macos-x86_64, r-release-windows-x86_64, r-oldrel-macos-arm64, r-oldrel-macos-x86_64, r-oldrel-windows-x86_64