CRAN Package Check Results for Package micer

Last updated on 2025-05-10 21:50:11 CEST.

Flavor Version Tinstall Tcheck Ttotal Status Flags
r-devel-linux-x86_64-debian-clang 0.2.0 2.20 48.41 50.61 NOTE
r-devel-linux-x86_64-debian-gcc 0.2.0 1.52 35.95 37.47 NOTE
r-devel-linux-x86_64-fedora-clang 0.2.0 77.71 NOTE
r-devel-linux-x86_64-fedora-gcc 0.2.0 94.07 NOTE
r-devel-windows-x86_64 0.2.0 4.00 66.00 70.00 NOTE
r-patched-linux-x86_64 0.2.0 1.53 45.19 46.72 NOTE
r-release-linux-x86_64 0.2.0 1.62 44.78 46.40 NOTE
r-release-macos-arm64 0.2.0 55.00 NOTE
r-release-macos-x86_64 0.2.0 55.00 NOTE
r-release-windows-x86_64 0.2.0 4.00 67.00 71.00 NOTE
r-oldrel-macos-arm64 0.2.0 43.00 OK
r-oldrel-macos-x86_64 0.2.0 66.00 OK
r-oldrel-windows-x86_64 0.2.0 5.00 79.00 84.00 OK

Check Details

Version: 0.2.0
Check: DESCRIPTION meta-information
Result: NOTE Missing dependency on R >= 4.1.0 because package code uses the pipe |> or function shorthand \(...) syntax added in R 4.1.0. File(s) using such syntax: ‘micer.R’ Flavors: r-devel-linux-x86_64-debian-clang, r-devel-linux-x86_64-debian-gcc, r-devel-linux-x86_64-fedora-clang, r-devel-linux-x86_64-fedora-gcc, r-devel-windows-x86_64, r-patched-linux-x86_64, r-release-linux-x86_64, r-release-macos-arm64, r-release-macos-x86_64, r-release-windows-x86_64