Last updated on 2025-05-11 00:49:41 CEST.
Flavor | Version | Tinstall | Tcheck | Ttotal | Status | Flags |
---|---|---|---|---|---|---|
r-devel-linux-x86_64-debian-clang | 1.5 | 23.43 | 65.03 | 88.46 | NOTE | |
r-devel-linux-x86_64-debian-gcc | 1.5 | 15.27 | 50.92 | 66.19 | NOTE | |
r-devel-linux-x86_64-fedora-clang | 1.5 | 145.03 | OK | |||
r-devel-linux-x86_64-fedora-gcc | 1.5 | 160.74 | OK | |||
r-devel-windows-x86_64 | 1.5 | 28.00 | 101.00 | 129.00 | OK | |
r-patched-linux-x86_64 | 1.5 | 22.28 | 61.34 | 83.62 | OK | |
r-release-linux-x86_64 | 1.5 | 23.06 | 60.72 | 83.78 | OK | |
r-release-macos-arm64 | 1.5 | 54.00 | OK | |||
r-release-macos-x86_64 | 1.5 | 98.00 | OK | |||
r-release-windows-x86_64 | 1.5 | 28.00 | 104.00 | 132.00 | OK | |
r-oldrel-macos-arm64 | 1.5 | 47.00 | OK | |||
r-oldrel-macos-x86_64 | 1.5 | 69.00 | OK | |||
r-oldrel-windows-x86_64 | 1.5 | 33.00 | 127.00 | 160.00 | OK |
Version: 1.5
Check: CRAN incoming feasibility
Result: NOTE
Maintainer: ‘Cristian Yones <cyones@sinc.unl.edu.ar>’
No Authors@R field in DESCRIPTION.
Please add one, modifying
Authors@R: person(given = "Cristian",
family = "Yones",
role = c("aut", "cre"),
email = "cyones@sinc.unl.edu.ar")
as necessary.
Flavors: r-devel-linux-x86_64-debian-clang, r-devel-linux-x86_64-debian-gcc