Last updated on 2025-10-31 15:48:45 CET.
| Flavor | Version | Tinstall | Tcheck | Ttotal | Status | Flags | 
|---|---|---|---|---|---|---|
| r-devel-linux-x86_64-debian-clang | 1.3.1 | 1.97 | 24.06 | 26.03 | NOTE | |
| r-devel-linux-x86_64-debian-gcc | 1.3.1 | 1.71 | 19.30 | 21.01 | NOTE | |
| r-devel-linux-x86_64-fedora-clang | 1.3.1 | 38.20 | NOTE | |||
| r-devel-linux-x86_64-fedora-gcc | 1.3.1 | 36.54 | NOTE | |||
| r-devel-windows-x86_64 | 1.3.1 | 3.00 | 42.00 | 45.00 | NOTE | |
| r-patched-linux-x86_64 | 1.3.1 | 2.21 | 22.30 | 24.51 | NOTE | |
| r-release-linux-x86_64 | 1.3.1 | 2.21 | 22.29 | 24.50 | NOTE | |
| r-release-macos-arm64 | 1.3.1 | 1.00 | 30.00 | 31.00 | NOTE | |
| r-release-macos-x86_64 | 1.3.1 | 2.00 | 25.00 | 27.00 | NOTE | |
| r-release-windows-x86_64 | 1.3.1 | 3.00 | 47.00 | 50.00 | NOTE | |
| r-oldrel-macos-arm64 | 1.3.1 | 1.00 | 13.00 | 14.00 | NOTE | |
| r-oldrel-macos-x86_64 | 1.3.1 | 2.00 | 19.00 | 21.00 | NOTE | |
| r-oldrel-windows-x86_64 | 1.3.1 | 3.00 | 42.00 | 45.00 | NOTE | 
Version: 1.3.1
Check: CRAN incoming feasibility
Result: NOTE
  Maintainer: ‘Imdad Ullah Muhammad <mimdadasad@gmail.com>’
  
  Package CITATION file contains call(s) to old-style personList() or
  as.personList().  Please use c() on person objects instead.
  Package CITATION file contains call(s) to old-style citEntry().  Please
  use bibentry() instead.
  
  Found the following URLs which should use \doi (with the DOI name only):
    File ‘imcdiag.Rd’:
      https://doi.org/10.17576/jsm-2019-4809-26
Flavors: r-devel-linux-x86_64-debian-clang, r-devel-linux-x86_64-debian-gcc
Version: 1.3.1
Check: Rd files
Result: NOTE
  checkRd: (-1) eigp.Rd:34: Escaped LaTeX specials: \&
  checkRd: (-1) imcdiag.Rd:50: Escaped LaTeX specials: \&
  checkRd: (-1) imcdiag.Rd:52: Escaped LaTeX specials: \&
  checkRd: (-1) mc.plot.Rd:23: Escaped LaTeX specials: \&
  checkRd: (-1) mc.plot.Rd:25: Escaped LaTeX specials: \&
  checkRd: (-1) mctest.Rd:39: Escaped LaTeX specials: \&
  checkRd: (-1) mctest.Rd:41: Escaped LaTeX specials: \&
  checkRd: (-1) omcdiag.Rd:39: Escaped LaTeX specials: \&
  checkRd: (-1) omcdiag.Rd:41: Escaped LaTeX specials: \&
Flavors: r-devel-linux-x86_64-debian-clang, r-devel-linux-x86_64-debian-gcc, r-devel-linux-x86_64-fedora-clang, r-devel-linux-x86_64-fedora-gcc, r-devel-windows-x86_64, r-patched-linux-x86_64, r-release-linux-x86_64, r-release-macos-arm64, r-release-macos-x86_64, r-release-windows-x86_64, r-oldrel-macos-arm64, r-oldrel-macos-x86_64, r-oldrel-windows-x86_64