Last updated on 2025-07-08 18:53:17 CEST.
Flavor | Version | Tinstall | Tcheck | Ttotal | Status | Flags |
---|---|---|---|---|---|---|
r-devel-linux-x86_64-debian-clang | 1.1.9 | 198.73 | 84.58 | 283.31 | OK | |
r-devel-linux-x86_64-debian-gcc | 1.1.9 | 131.48 | 58.93 | 190.41 | OK | |
r-devel-linux-x86_64-fedora-clang | 1.1.9 | 507.98 | OK | |||
r-devel-linux-x86_64-fedora-gcc | 1.1.9 | 470.34 | OK | |||
r-devel-windows-x86_64 | 1.1.9 | 201.00 | 165.00 | 366.00 | OK | |
r-patched-linux-x86_64 | 1.1.9 | 189.52 | 79.08 | 268.60 | OK | |
r-release-linux-x86_64 | 1.1.9 | 184.66 | 78.19 | 262.85 | OK | |
r-release-macos-arm64 | 1.1.9 | 104.00 | OK | |||
r-release-macos-x86_64 | 1.1.9 | 140.00 | OK | |||
r-release-windows-x86_64 | 1.1.9 | 201.00 | 163.00 | 364.00 | OK | |
r-oldrel-macos-arm64 | 1.1.9 | 97.00 | NOTE | |||
r-oldrel-macos-x86_64 | 1.1.9 | 135.00 | NOTE | |||
r-oldrel-windows-x86_64 | 1.1.9 | 244.00 | 184.00 | 428.00 | OK |
Version: 1.1.9
Check: installed package size
Result: NOTE
installed size is 14.1Mb
sub-directories of 1Mb or more:
libs 13.2Mb
Flavors: r-oldrel-macos-arm64, r-oldrel-macos-x86_64