Last updated on 2025-05-10 04:51:47 CEST.
Flavor | Version | Tinstall | Tcheck | Ttotal | Status | Flags |
---|---|---|---|---|---|---|
r-devel-linux-x86_64-debian-clang | 1.0 | 1.17 | 16.36 | 17.53 | OK | |
r-devel-linux-x86_64-debian-gcc | 1.0 | 1.16 | 13.28 | 14.44 | OK | |
r-devel-linux-x86_64-fedora-clang | 1.0 | 28.11 | OK | |||
r-devel-linux-x86_64-fedora-gcc | 1.0 | 27.40 | OK | |||
r-devel-windows-x86_64 | 1.0 | 2.00 | 38.00 | 40.00 | OK | |
r-patched-linux-x86_64 | 1.0 | 1.61 | 15.90 | 17.51 | OK | |
r-release-linux-x86_64 | 1.0 | 1.58 | 15.59 | 17.17 | OK | |
r-release-macos-arm64 | 1.0 | 15.00 | OK | |||
r-release-macos-x86_64 | 1.0 | 29.00 | OK | |||
r-release-windows-x86_64 | 1.0 | 2.00 | 45.00 | 47.00 | OK | |
r-oldrel-macos-arm64 | 1.0 | 14.00 | NOTE | |||
r-oldrel-macos-x86_64 | 1.0 | 20.00 | NOTE | |||
r-oldrel-windows-x86_64 | 1.0 | 3.00 | 36.00 | 39.00 | NOTE |
Version: 1.0
Check: LazyData
Result: NOTE
'LazyData' is specified without a 'data' directory
Flavors: r-oldrel-macos-arm64, r-oldrel-macos-x86_64, r-oldrel-windows-x86_64