Last updated on 2025-05-10 12:49:46 CEST.
Flavor | Version | Tinstall | Tcheck | Ttotal | Status | Flags |
---|---|---|---|---|---|---|
r-devel-linux-x86_64-debian-clang | 1.0.1 | 15.18 | 45.71 | 60.89 | OK | |
r-devel-linux-x86_64-debian-gcc | 1.0.1 | 12.53 | 33.69 | 46.22 | OK | |
r-devel-linux-x86_64-fedora-clang | 1.0.1 | 95.26 | OK | |||
r-devel-linux-x86_64-fedora-gcc | 1.0.1 | 94.16 | OK | |||
r-devel-windows-x86_64 | 1.0.1 | 18.00 | 59.00 | 77.00 | OK | |
r-patched-linux-x86_64 | 1.0.1 | 14.07 | 42.28 | 56.35 | OK | |
r-release-linux-x86_64 | 1.0.1 | 14.35 | 42.16 | 56.51 | OK | |
r-release-macos-arm64 | 1.0.1 | 37.00 | OK | |||
r-release-macos-x86_64 | 1.0.1 | 62.00 | OK | |||
r-release-windows-x86_64 | 1.0.1 | 18.00 | 62.00 | 80.00 | OK | |
r-oldrel-macos-arm64 | 1.0.1 | 42.00 | NOTE | |||
r-oldrel-macos-x86_64 | 1.0.1 | 57.00 | NOTE | |||
r-oldrel-windows-x86_64 | 1.0.1 | 20.00 | 68.00 | 88.00 | NOTE |
Version: 1.0.1
Check: installed package size
Result: NOTE
installed size is 8.5Mb
sub-directories of 1Mb or more:
R 8.4Mb
Flavors: r-oldrel-macos-arm64, r-oldrel-macos-x86_64, r-oldrel-windows-x86_64