Last updated on 2025-05-10 22:50:11 CEST.
Flavor | Version | Tinstall | Tcheck | Ttotal | Status | Flags |
---|---|---|---|---|---|---|
r-devel-linux-x86_64-debian-clang | 2.0 | 17.73 | 276.35 | 294.08 | OK | |
r-devel-linux-x86_64-debian-gcc | 2.0 | 12.13 | 192.32 | 204.45 | OK | |
r-devel-linux-x86_64-fedora-clang | 2.0 | 457.03 | OK | |||
r-devel-linux-x86_64-fedora-gcc | 2.0 | 488.00 | OK | |||
r-devel-windows-x86_64 | 2.0 | 18.00 | 268.00 | 286.00 | OK | |
r-patched-linux-x86_64 | 2.0 | 15.38 | 262.02 | 277.40 | OK | |
r-release-linux-x86_64 | 2.0 | 13.84 | 258.26 | 272.10 | OK | |
r-release-macos-arm64 | 2.0 | 127.00 | OK | |||
r-release-macos-x86_64 | 2.0 | 266.00 | OK | |||
r-release-windows-x86_64 | 2.0 | 17.00 | 276.00 | 293.00 | OK | |
r-oldrel-macos-arm64 | 2.0 | 110.00 | NOTE | |||
r-oldrel-macos-x86_64 | 2.0 | 182.00 | NOTE | |||
r-oldrel-windows-x86_64 | 2.0 | 24.00 | 344.00 | 368.00 | NOTE |
Version: 2.0
Check: installed package size
Result: NOTE
installed size is 7.3Mb
sub-directories of 1Mb or more:
doc 6.9Mb
Flavors: r-oldrel-macos-arm64, r-oldrel-macos-x86_64, r-oldrel-windows-x86_64