Last updated on 2025-10-02 17:48:41 CEST.
Flavor | Version | Tinstall | Tcheck | Ttotal | Status | Flags |
---|---|---|---|---|---|---|
r-devel-linux-x86_64-debian-clang | 0.3.1 | 14.99 | 169.86 | 184.85 | NOTE | |
r-devel-linux-x86_64-debian-gcc | 0.3.1 | 9.24 | 93.72 | 102.96 | NOTE | |
r-devel-linux-x86_64-fedora-clang | 0.3.1 | 302.40 | OK | |||
r-devel-linux-x86_64-fedora-gcc | 0.3.1 | 299.45 | OK | |||
r-devel-windows-x86_64 | 0.3.1 | 19.00 | 175.00 | 194.00 | OK | |
r-patched-linux-x86_64 | 0.3.1 | 14.02 | 159.85 | 173.87 | OK | |
r-release-linux-x86_64 | 0.3.1 | 13.60 | 156.11 | 169.71 | OK | |
r-release-macos-arm64 | 0.3.1 | 102.00 | OK | |||
r-release-macos-x86_64 | 0.3.1 | 210.00 | OK | |||
r-release-windows-x86_64 | 0.3.1 | 20.00 | 176.00 | 196.00 | OK | |
r-oldrel-macos-arm64 | 0.3.1 | 68.00 | OK | |||
r-oldrel-macos-x86_64 | 0.3.1 | 124.00 | OK | |||
r-oldrel-windows-x86_64 | 0.3.1 | 23.00 | 217.00 | 240.00 | OK |
Version: 0.3.1
Check: CRAN incoming feasibility
Result: NOTE
Maintainer: ‘Wangshu Tu <wangshu.tu@carleton.ca>’
The Description field contains
<arXiv:2011.06682>, and is designed for clustering compositional data.
in papers: Tu and Subedi (2021) <arXiv:2101.01871> and Tu and Subedi
Please refer to arXiv e-prints via their arXiv DOI <doi:10.48550/arXiv.YYMM.NNNNN>.
Flavors: r-devel-linux-x86_64-debian-clang, r-devel-linux-x86_64-debian-gcc