Last updated on 2025-10-31 15:48:43 CET.
| Flavor | Version | Tinstall | Tcheck | Ttotal | Status | Flags | 
|---|---|---|---|---|---|---|
| r-devel-linux-x86_64-debian-clang | 0.1.1 | 1.71 | 26.86 | 28.57 | OK | |
| r-devel-linux-x86_64-debian-gcc | 0.1.1 | 1.14 | 22.13 | 23.27 | OK | |
| r-devel-linux-x86_64-fedora-clang | 0.1.1 | 42.69 | OK | |||
| r-devel-linux-x86_64-fedora-gcc | 0.1.1 | 53.22 | OK | |||
| r-devel-windows-x86_64 | 0.1.1 | 2.00 | 52.00 | 54.00 | OK | |
| r-patched-linux-x86_64 | 0.1.1 | 1.78 | 24.38 | 26.16 | OK | |
| r-release-linux-x86_64 | 0.1.1 | 1.61 | 24.35 | 25.96 | OK | |
| r-release-macos-arm64 | 0.1.1 | 1.00 | 21.00 | 22.00 | OK | |
| r-release-macos-x86_64 | 0.1.1 | 2.00 | 41.00 | 43.00 | OK | |
| r-release-windows-x86_64 | 0.1.1 | 5.00 | 53.00 | 58.00 | OK | |
| r-oldrel-macos-arm64 | 0.1.1 | 1.00 | 21.00 | 22.00 | NOTE | |
| r-oldrel-macos-x86_64 | 0.1.1 | 1.00 | 32.00 | 33.00 | NOTE | |
| r-oldrel-windows-x86_64 | 0.1.1 | 5.00 | 58.00 | 63.00 | NOTE | 
Version: 0.1.1
Check: LazyData
Result: NOTE
    'LazyData' is specified without a 'data' directory
Flavors: r-oldrel-macos-arm64, r-oldrel-macos-x86_64, r-oldrel-windows-x86_64