CRAN Package Check Results for Package link

Last updated on 2025-05-10 17:50:36 CEST.

Flavor Version Tinstall Tcheck Ttotal Status Flags
r-devel-linux-x86_64-debian-clang 2024.4.0 2.40 25.43 27.83 NOTE
r-devel-linux-x86_64-debian-gcc 2024.4.0 1.82 20.64 22.46 NOTE
r-devel-linux-x86_64-fedora-clang 2024.4.0 41.73 NOTE
r-devel-linux-x86_64-fedora-gcc 2024.4.0 38.39 NOTE
r-devel-windows-x86_64 2024.4.0 4.00 44.00 48.00 NOTE
r-patched-linux-x86_64 2024.4.0 2.03 23.36 25.39 NOTE
r-release-linux-x86_64 2024.4.0 1.98 23.32 25.30 NOTE
r-release-macos-arm64 2024.4.0 22.00 NOTE
r-release-macos-x86_64 2024.4.0 30.00 NOTE
r-release-windows-x86_64 2024.4.0 5.00 43.00 48.00 NOTE
r-oldrel-macos-arm64 2024.4.0 19.00 OK
r-oldrel-macos-x86_64 2024.4.0 29.00 OK
r-oldrel-windows-x86_64 2024.4.0 5.00 49.00 54.00 OK

Check Details

Version: 2024.4.0
Check: DESCRIPTION meta-information
Result: NOTE Missing dependency on R >= 4.1.0 because package code uses the pipe |> or function shorthand \(...) syntax added in R 4.1.0. File(s) using such syntax: ‘auto.R’ Flavors: r-devel-linux-x86_64-debian-clang, r-devel-linux-x86_64-debian-gcc, r-devel-linux-x86_64-fedora-clang, r-devel-linux-x86_64-fedora-gcc, r-devel-windows-x86_64, r-patched-linux-x86_64, r-release-linux-x86_64, r-release-macos-arm64, r-release-macos-x86_64, r-release-windows-x86_64