Last updated on 2025-10-08 16:48:58 CEST.
Flavor | Version | Tinstall | Tcheck | Ttotal | Status | Flags |
---|---|---|---|---|---|---|
r-devel-linux-x86_64-debian-clang | 0.3.1 | 8.53 | 99.42 | 107.95 | NOTE | |
r-devel-linux-x86_64-debian-gcc | 0.3.1 | 6.28 | 69.18 | 75.46 | NOTE | |
r-devel-linux-x86_64-fedora-clang | 0.3.1 | 171.78 | OK | |||
r-devel-linux-x86_64-fedora-gcc | 0.3.1 | 150.81 | OK | |||
r-devel-windows-x86_64 | 0.3.1 | 11.00 | 133.00 | 144.00 | OK | |
r-patched-linux-x86_64 | 0.3.1 | 8.66 | 90.84 | 99.50 | OK | |
r-release-linux-x86_64 | 0.3.1 | 6.68 | 89.48 | 96.16 | OK | |
r-release-macos-arm64 | 0.3.1 | 67.00 | OK | |||
r-release-macos-x86_64 | 0.3.1 | 122.00 | OK | |||
r-release-windows-x86_64 | 0.3.1 | 11.00 | 135.00 | 146.00 | OK | |
r-oldrel-macos-arm64 | 0.3.1 | 71.00 | OK | |||
r-oldrel-macos-x86_64 | 0.3.1 | 94.00 | OK | |||
r-oldrel-windows-x86_64 | 0.3.1 | 15.00 | 162.00 | 177.00 | OK |
Version: 0.3.1
Check: CRAN incoming feasibility
Result: NOTE
Maintainer: ‘Jonas Rieger <jonas.rieger@tu-dortmund.de>’
Package CITATION file contains call(s) to old-style citEntry(). Please
use bibentry() instead.
Flavors: r-devel-linux-x86_64-debian-clang, r-devel-linux-x86_64-debian-gcc