CRAN Package Check Results for Package klustR

Last updated on 2025-07-16 23:49:18 CEST.

Flavor Version Tinstall Tcheck Ttotal Status Flags
r-devel-linux-x86_64-debian-clang 0.1.0 2.69 24.86 27.55 OK
r-devel-linux-x86_64-debian-gcc 0.1.0 2.08 20.54 22.62 OK
r-devel-linux-x86_64-fedora-clang 0.1.0 39.75 OK
r-devel-linux-x86_64-fedora-gcc 0.1.0 36.25 OK
r-devel-windows-x86_64 0.1.0 5.00 45.00 50.00 OK
r-patched-linux-x86_64 0.1.0 2.64 23.35 25.99 OK
r-release-linux-x86_64 0.1.0 2.54 23.04 25.58 OK
r-release-macos-arm64 0.1.0 21.00 OK
r-release-macos-x86_64 0.1.0 26.00 OK
r-release-windows-x86_64 0.1.0 5.00 44.00 49.00 OK
r-oldrel-macos-arm64 0.1.0 17.00 NOTE
r-oldrel-macos-x86_64 0.1.0 23.00 NOTE
r-oldrel-windows-x86_64 0.1.0 5.00 48.00 53.00 NOTE

Check Details

Version: 0.1.0
Check: LazyData
Result: NOTE 'LazyData' is specified without a 'data' directory Flavors: r-oldrel-macos-arm64, r-oldrel-macos-x86_64, r-oldrel-windows-x86_64