Last updated on 2025-10-31 20:48:42 CET.
| Flavor | Version | Tinstall | Tcheck | Ttotal | Status | Flags | 
|---|---|---|---|---|---|---|
| r-devel-linux-x86_64-debian-clang | 3.2.0 | 15.17 | 132.41 | 147.58 | NOTE | |
| r-devel-linux-x86_64-debian-gcc | 3.2.0 | 11.22 | 93.70 | 104.92 | NOTE | |
| r-devel-linux-x86_64-fedora-clang | 3.2.0 | 76.00 | 173.52 | 249.52 | NOTE | |
| r-devel-linux-x86_64-fedora-gcc | 3.2.0 | 65.00 | 193.24 | 258.24 | NOTE | |
| r-devel-windows-x86_64 | 3.2.0 | 15.00 | 123.00 | 138.00 | NOTE | |
| r-patched-linux-x86_64 | 3.2.0 | 13.35 | 125.58 | 138.93 | NOTE | |
| r-release-linux-x86_64 | 3.2.0 | 14.64 | 125.08 | 139.72 | NOTE | |
| r-release-macos-arm64 | 3.2.0 | 9.00 | 74.00 | 83.00 | NOTE | |
| r-release-macos-x86_64 | 3.2.0 | 14.00 | 128.00 | 142.00 | NOTE | |
| r-release-windows-x86_64 | 3.2.0 | 16.00 | 123.00 | 139.00 | NOTE | |
| r-oldrel-macos-arm64 | 3.2.0 | 7.00 | 73.00 | 80.00 | OK | |
| r-oldrel-macos-x86_64 | 3.2.0 | 18.00 | 105.00 | 123.00 | OK | |
| r-oldrel-windows-x86_64 | 3.2.0 | 20.00 | 164.00 | 184.00 | OK | 
Version: 3.2.0
Check: CRAN incoming feasibility
Result: NOTE
  Maintainer: ‘Stéphane Laurent <laurent_step@outlook.fr>’
  
  No Authors@R field in DESCRIPTION.
  Please add one, modifying
    Authors@R: person(given = "Stéphane",
                      family = "Laurent",
                      role = c("aut", "cre"),
                      email = "laurent_step@outlook.fr")
  as necessary.
Flavors: r-devel-linux-x86_64-debian-clang, r-devel-linux-x86_64-debian-gcc
Version: 3.2.0
Check: DESCRIPTION meta-information
Result: NOTE
    Missing dependency on R >= 4.1.0 because package code uses the pipe
    |> or function shorthand \(...) syntax added in R 4.1.0.
    File(s) using such syntax:
      ‘kantorovich_ompr.R’
Flavors: r-devel-linux-x86_64-debian-clang, r-devel-linux-x86_64-debian-gcc, r-devel-linux-x86_64-fedora-clang, r-devel-linux-x86_64-fedora-gcc, r-devel-windows-x86_64, r-patched-linux-x86_64, r-release-linux-x86_64, r-release-macos-arm64, r-release-macos-x86_64, r-release-windows-x86_64