Last updated on 2025-10-21 06:48:33 CEST.
Flavor | Version | Tinstall | Tcheck | Ttotal | Status | Flags |
---|---|---|---|---|---|---|
r-devel-linux-x86_64-debian-clang | 2.3.0 | 14.97 | 201.36 | 216.33 | OK | |
r-devel-linux-x86_64-debian-gcc | 2.3.0 | 10.49 | 136.49 | 146.98 | NOTE | |
r-devel-linux-x86_64-fedora-clang | 2.3.0 | 346.13 | OK | |||
r-devel-linux-x86_64-fedora-gcc | 2.3.0 | 363.94 | OK | |||
r-devel-windows-x86_64 | 2.3.0 | 16.00 | 190.00 | 206.00 | OK | |
r-patched-linux-x86_64 | 2.3.0 | 15.51 | 186.28 | 201.79 | OK | |
r-release-linux-x86_64 | 2.3.0 | 15.18 | 187.35 | 202.53 | OK | |
r-release-macos-arm64 | 2.3.0 | 93.00 | OK | |||
r-release-macos-x86_64 | 2.3.0 | 225.00 | OK | |||
r-release-windows-x86_64 | 2.3.0 | 20.00 | 190.00 | 210.00 | OK | |
r-oldrel-macos-arm64 | 2.3.0 | 98.00 | OK | |||
r-oldrel-macos-x86_64 | 2.3.0 | 180.00 | OK | |||
r-oldrel-windows-x86_64 | 2.3.0 | 22.00 | 251.00 | 273.00 | OK |
Version: 2.3.0
Check: HTML version of manual
Result: NOTE
Found the following HTML validation problems:
get_colors.html:62:1 (get_colors.Rd:19): Warning: missing </ul> before </div>
gridlines.html:70:1 (gridlines.Rd:31): Warning: missing </ul> before </div>
interactions_deprecated.html:55:1 (interactions_deprecated.Rd:22): Warning: missing </ul> before </div>
knit_print.summ.html:68:1 (knit_print.summ.Rd:26): Warning: missing </ul> before </div>
make_predictions.html:187:1 (make_predictions.Rd:112): Warning: missing </ul> before </div>
md_table.html:89:1 (md_table.Rd:40): Warning: missing </ul> before </div>
num_print.html:56:1 (num_print.Rd:15): Warning: missing </ul> before </div>
set_summ_defaults.html:129:1 (set_summ_defaults.Rd:64): Warning: missing </ul> before </div>
wtd.sd.html:51:1 (wtd.sd.Rd:12): Warning: missing </ul> before </div>
Flavor: r-devel-linux-x86_64-debian-gcc