Last updated on 2025-05-07 19:51:28 CEST.
Flavor | Version | Tinstall | Tcheck | Ttotal | Status | Flags |
---|---|---|---|---|---|---|
r-devel-linux-x86_64-debian-clang | 1.5.2 | 100.06 | 27.86 | 127.92 | OK | |
r-devel-linux-x86_64-debian-gcc | 1.5.2 | 81.55 | 21.49 | 103.04 | OK | |
r-devel-linux-x86_64-fedora-clang | 1.5.2 | 246.24 | OK | |||
r-devel-linux-x86_64-fedora-gcc | 1.5.2 | 327.94 | OK | |||
r-devel-windows-x86_64 | 1.5.2 | 116.00 | 82.00 | 198.00 | OK | |
r-patched-linux-x86_64 | 1.5.2 | 109.38 | 26.60 | 135.98 | OK | |
r-release-linux-x86_64 | 1.5.2 | 107.55 | 26.85 | 134.40 | OK | |
r-release-macos-arm64 | 1.5.2 | 79.00 | OK | |||
r-release-macos-x86_64 | 1.5.2 | 90.00 | OK | |||
r-release-windows-x86_64 | 1.5.2 | 120.00 | 82.00 | 202.00 | OK | |
r-oldrel-macos-arm64 | 1.5.2 | 96.00 | NOTE | |||
r-oldrel-macos-x86_64 | 1.5.2 | 143.00 | NOTE | |||
r-oldrel-windows-x86_64 | 1.5.2 | 103.00 | 99.00 | 202.00 | OK |
Version: 1.5.2
Check: installed package size
Result: NOTE
installed size is 12.8Mb
sub-directories of 1Mb or more:
libs 12.5Mb
Flavors: r-oldrel-macos-arm64, r-oldrel-macos-x86_64