CRAN Package Check Results for Package jab.adverse.reactions

Last updated on 2025-07-22 18:53:53 CEST.

Flavor Version Tinstall Tcheck Ttotal Status Flags
r-devel-linux-x86_64-debian-clang 1.0.3 1.36 18.37 19.73 NOTE
r-devel-linux-x86_64-debian-gcc 1.0.3 1.12 15.75 16.87 NOTE
r-devel-linux-x86_64-fedora-clang 1.0.3 31.92 OK
r-devel-linux-x86_64-fedora-gcc 1.0.3 29.34 OK
r-devel-windows-x86_64 1.0.3 3.00 38.00 41.00 OK
r-patched-linux-x86_64 1.0.3 1.63 16.26 17.89 OK
r-release-linux-x86_64 1.0.3 1.61 16.24 17.85 OK
r-release-macos-arm64 1.0.3 14.00 OK
r-release-macos-x86_64 1.0.3 22.00 OK
r-release-windows-x86_64 1.0.3 3.00 39.00 42.00 OK
r-oldrel-macos-arm64 1.0.3 13.00 OK
r-oldrel-macos-x86_64 1.0.3 19.00 OK
r-oldrel-windows-x86_64 1.0.3 4.00 43.00 47.00 OK

Check Details

Version: 1.0.3
Check: CRAN incoming feasibility
Result: NOTE Maintainer: ‘Irucka Embry <iembry@ecoccs.com>’ No Authors@R field in DESCRIPTION. Please add one, modifying Authors@R: person(given = "Irucka", family = "Embry", role = c("aut", "cre"), email = "iembry@ecoccs.com") as necessary. Flavors: r-devel-linux-x86_64-debian-clang, r-devel-linux-x86_64-debian-gcc