CRAN Package Check Results for Package izmir

Last updated on 2025-07-09 03:52:27 CEST.

Flavor Version Tinstall Tcheck Ttotal Status Flags
r-devel-linux-x86_64-debian-clang 0.1.0 1.82 1.08 2.90 FAIL
r-devel-linux-x86_64-debian-gcc 0.1.0 1.41 16.74 18.15 OK
r-devel-linux-x86_64-fedora-clang 0.1.0 33.01 OK
r-devel-linux-x86_64-fedora-gcc 0.1.0 29.56 OK
r-devel-windows-x86_64 0.1.0 4.00 47.00 51.00 OK
r-patched-linux-x86_64 0.1.0 1.55 18.74 20.29 OK
r-release-linux-x86_64 0.1.0 1.77 18.55 20.32 OK
r-release-macos-arm64 0.1.0 16.00 OK
r-release-macos-x86_64 0.1.0 26.00 OK
r-release-windows-x86_64 0.1.0 4.00 42.00 46.00 OK
r-oldrel-macos-arm64 0.1.0 15.00 OK
r-oldrel-macos-x86_64 0.1.0 21.00 OK
r-oldrel-windows-x86_64 0.1.0 4.00 44.00 48.00 OK

Check Details

Version: 0.1.0
Check: package dependencies
Result: FAIL
Flavor: r-devel-linux-x86_64-debian-clang