CRAN Package Check Results for Package imageData

Last updated on 2025-05-09 11:50:27 CEST.

Flavor Version Tinstall Tcheck Ttotal Status Flags
r-devel-linux-x86_64-debian-clang 0.1-62 12.27 101.97 114.24 NOTE
r-devel-linux-x86_64-debian-gcc 0.1-62 7.15 70.64 77.79 NOTE
r-devel-linux-x86_64-fedora-clang 0.1-62 165.23 NOTE
r-devel-linux-x86_64-fedora-gcc 0.1-62 190.63 NOTE
r-devel-windows-x86_64 0.1-62 14.00 118.00 132.00 NOTE
r-patched-linux-x86_64 0.1-62 13.16 95.05 108.21 NOTE
r-release-linux-x86_64 0.1-62 11.74 93.83 105.57 NOTE
r-release-macos-arm64 0.1-62 67.00 NOTE
r-release-macos-x86_64 0.1-62 93.00 NOTE
r-release-windows-x86_64 0.1-62 15.00 119.00 134.00 NOTE
r-oldrel-macos-arm64 0.1-62 53.00 NOTE
r-oldrel-macos-x86_64 0.1-62 75.00 NOTE
r-oldrel-windows-x86_64 0.1-62 18.00 143.00 161.00 NOTE

Check Details

Version: 0.1-62
Check: Rd files
Result: NOTE checkRd: (-1) fitSpline.Rd:109: Lost braces 109 | \code{response} and it will have the same order of code{x} as \code{data}. | ^ Flavors: r-devel-linux-x86_64-debian-clang, r-devel-linux-x86_64-debian-gcc, r-devel-linux-x86_64-fedora-clang, r-devel-linux-x86_64-fedora-gcc, r-devel-windows-x86_64, r-patched-linux-x86_64, r-release-linux-x86_64, r-release-macos-arm64, r-release-macos-x86_64, r-release-windows-x86_64, r-oldrel-macos-arm64, r-oldrel-macos-x86_64, r-oldrel-windows-x86_64

Version: 0.1-62
Check: Rd cross-references
Result: NOTE Found the following Rd file(s) with Rd \link{} targets missing package anchors: anomPlot.Rd: ggplot corrPlot.Rd: ggplot imagetimesPlot.Rd: ggplot longiPlot.Rd: ggplot, labeller probeDF.Rd: ggplot Please provide package anchors for all Rd \link{} targets not in the package itself and the base packages. Flavors: r-devel-linux-x86_64-debian-clang, r-devel-linux-x86_64-debian-gcc, r-devel-windows-x86_64, r-patched-linux-x86_64, r-release-linux-x86_64, r-release-windows-x86_64